{"id":567,"date":"2020-09-24T08:43:48","date_gmt":"2020-09-24T07:43:48","guid":{"rendered":"https:\/\/katedry.pf.jcu.cz\/kma\/?page_id=567"},"modified":"2026-03-24T10:06:34","modified_gmt":"2026-03-24T09:06:34","slug":"instrukce-k-diplomovym-a-bakalarskym-pracim","status":"publish","type":"page","link":"https:\/\/katedry.pf.jcu.cz\/kma\/instrukce-k-diplomovym-a-bakalarskym-pracim\/","title":{"rendered":"Instrukce k dipl. a bak. prac\u00edm"},"content":{"rendered":"<h2><span style=\"font-size: 18pt;\"><strong>Diplomov\u00e9 a bakal\u00e1\u0159sk\u00e9 pr\u00e1ce<\/strong><\/span><\/h2>\n<p>&nbsp;<\/p>\n<h3><span style=\"font-size: small;\"><span style=\"font-size: 14pt;\">N\u00e1vod<\/span> <\/span><\/h3>\n<p>&nbsp;<\/p>\n<p>Obsahov\u00e9 a form\u00e1ln\u00ed po\u017eadavky na podobu bakal\u00e1\u0159sk\u00e9 a diplomov\u00e9 pr\u00e1ce naleznete ve Sm\u011brnici vedouc\u00edho katedry matematiky <a href=\"https:\/\/katedry.pf.jcu.cz\/kma\/wp-content\/uploads\/2024\/08\/smernice_2-2024.pdf\">\u010d. 2\/2024<\/a>.<\/p>\n<p>V\u00fd\u0148atek ze sm\u011brnice ke kvalifika\u010dn\u00edm pracem<br \/>\n<a href=\"https:\/\/katedry.pf.jcu.cz\/kma\/wp-content\/uploads\/2026\/03\/kvalifikacni-prace.pdf\">Pokyny\u00a0 ke kvalifika\u010dn\u00edm pracem<\/a><\/p>\n<p>&nbsp;<\/p>\n<p>Soubor se vzorem tituln\u00ed strany pou\u017eijte pouze na vyti\u0161t\u011bn\u00ed tituln\u00ed strany, logo fakulty se na jin\u00fdch str\u00e1nk\u00e1ch objevit nesm\u00ed. Na vzhledu t\u00e9to str\u00e1nky nic nem\u011b\u0148te (p\u00edsmo ponechte Calibri).<\/p>\n<p>&nbsp;<\/p>\n<p><a href=\"https:\/\/www.jcu.cz\/images\/UNIVERZITA\/Dokumenty\/opatreni-rektora\/platna-opatreni\/2020\/R_452_zveejovn_zvrench_prac_final.pdf\">Opat\u0159en\u00ed rektora o zve\u0159ej\u0148ov\u00e1n\u00ed z\u00e1v\u011bre\u010dn\u00fdch prac\u00ed<\/a><\/p>\n","protected":false},"excerpt":{"rendered":"<p>Diplomov\u00e9 a bakal\u00e1\u0159sk\u00e9 pr\u00e1ce &nbsp; N\u00e1vod &nbsp; Obsahov\u00e9 a form\u00e1ln\u00ed po\u017eadavky na podobu bakal\u00e1\u0159sk\u00e9 a diplomov\u00e9 pr\u00e1ce naleznete ve Sm\u011brnici&#8230;<\/p>\n","protected":false},"author":7,"featured_media":0,"parent":0,"menu_order":0,"comment_status":"closed","ping_status":"closed","template":"","meta":{"footnotes":""},"class_list":["post-567","page","type-page","status-publish","hentry"],"_links":{"self":[{"href":"https:\/\/katedry.pf.jcu.cz\/kma\/wp-json\/wp\/v2\/pages\/567","targetHints":{"allow":["GET"]}}],"collection":[{"href":"https:\/\/katedry.pf.jcu.cz\/kma\/wp-json\/wp\/v2\/pages"}],"about":[{"href":"https:\/\/katedry.pf.jcu.cz\/kma\/wp-json\/wp\/v2\/types\/page"}],"author":[{"embeddable":true,"href":"https:\/\/katedry.pf.jcu.cz\/kma\/wp-json\/wp\/v2\/users\/7"}],"replies":[{"embeddable":true,"href":"https:\/\/katedry.pf.jcu.cz\/kma\/wp-json\/wp\/v2\/comments?post=567"}],"version-history":[{"count":0,"href":"https:\/\/katedry.pf.jcu.cz\/kma\/wp-json\/wp\/v2\/pages\/567\/revisions"}],"wp:attachment":[{"href":"https:\/\/katedry.pf.jcu.cz\/kma\/wp-json\/wp\/v2\/media?parent=567"}],"curies":[{"name":"wp","href":"https:\/\/api.w.org\/{rel}","templated":true}]}}