{"id":536,"date":"2020-09-17T14:12:43","date_gmt":"2020-09-17T13:12:43","guid":{"rendered":"https:\/\/katedry.pf.jcu.cz\/kma\/?page_id=536"},"modified":"2023-09-19T09:10:03","modified_gmt":"2023-09-19T08:10:03","slug":"vyberove-predmety-ar-20202021","status":"publish","type":"page","link":"https:\/\/katedry.pf.jcu.cz\/kma\/vyberove-predmety-ar-20202021\/","title":{"rendered":"V\u00fdb\u011brov\u00e9 p\u0159edm\u011bty AR 2022\/2023"},"content":{"rendered":"<p><a href=\"https:\/\/katedry.pf.jcu.cz\/kma\/wp-content\/uploads\/2023\/01\/vyber2022_23_LS.pdf\">Seznam v\u0161ech p\u0159edm\u011bt\u016f kategorie B a C, kter\u00e9 katedra matematiky nab\u00edz\u00ed pro LS 2022\/23<\/a><\/p>\n<h3><span style=\"font-size: 14pt;\">Rozvrhov\u00e9 z\u00e1le\u017eitosti<\/span><\/h3>\n<p>Rozvrhov\u00e9 z\u00e1le\u017eitosti (nastavov\u00e1n\u00ed kapacit apod.) k p\u0159edm\u011bt\u016fm KMA\/&#8230; m\u00e1 na starosti <a href=\"https:\/\/katedry.pf.jcu.cz\/kma\/clen\/rndr-libuse-samkova-ph-d\/\"> tajemnice katedry<\/a>.<\/p>\n<p>&nbsp;<\/p>\n<h3><span style=\"font-size: 14pt;\">Uzn\u00e1v\u00e1n\u00ed p\u0159edm\u011bt\u016f<\/span><\/h3>\n<p>&nbsp;<\/p>\n<p><a href=\"https:\/\/katedry.pf.jcu.cz\/kma\/wp-content\/uploads\/2020\/09\/uznavani2.pdf\">Nov\u00e9 opat\u0159en\u00ed vedouc\u00ed katedry matematiky k uzn\u00e1v\u00e1n\u00ed p\u0159edm\u011bt\u016f<\/a><\/p>\n<p>&nbsp;<\/p>\n<p>&nbsp;<\/p>\n","protected":false},"excerpt":{"rendered":"<p>Seznam v\u0161ech p\u0159edm\u011bt\u016f kategorie B a C, kter\u00e9 katedra matematiky nab\u00edz\u00ed pro LS 2022\/23 Rozvrhov\u00e9 z\u00e1le\u017eitosti Rozvrhov\u00e9 z\u00e1le\u017eitosti (nastavov\u00e1n\u00ed kapacit&#8230;<\/p>\n","protected":false},"author":7,"featured_media":0,"parent":0,"menu_order":0,"comment_status":"closed","ping_status":"closed","template":"","meta":{"footnotes":""},"class_list":["post-536","page","type-page","status-publish","hentry"],"_links":{"self":[{"href":"https:\/\/katedry.pf.jcu.cz\/kma\/wp-json\/wp\/v2\/pages\/536","targetHints":{"allow":["GET"]}}],"collection":[{"href":"https:\/\/katedry.pf.jcu.cz\/kma\/wp-json\/wp\/v2\/pages"}],"about":[{"href":"https:\/\/katedry.pf.jcu.cz\/kma\/wp-json\/wp\/v2\/types\/page"}],"author":[{"embeddable":true,"href":"https:\/\/katedry.pf.jcu.cz\/kma\/wp-json\/wp\/v2\/users\/7"}],"replies":[{"embeddable":true,"href":"https:\/\/katedry.pf.jcu.cz\/kma\/wp-json\/wp\/v2\/comments?post=536"}],"version-history":[{"count":0,"href":"https:\/\/katedry.pf.jcu.cz\/kma\/wp-json\/wp\/v2\/pages\/536\/revisions"}],"wp:attachment":[{"href":"https:\/\/katedry.pf.jcu.cz\/kma\/wp-json\/wp\/v2\/media?parent=536"}],"curies":[{"name":"wp","href":"https:\/\/api.w.org\/{rel}","templated":true}]}}