{"id":474,"date":"2018-08-07T19:58:12","date_gmt":"2018-08-07T18:58:12","guid":{"rendered":"https:\/\/katedry.pf.jcu.cz\/kma\/?page_id=474"},"modified":"2020-11-11T22:11:26","modified_gmt":"2020-11-11T21:11:26","slug":"materialy-pro-studenty","status":"publish","type":"page","link":"https:\/\/katedry.pf.jcu.cz\/kma\/pro-studenty\/materialy-pro-studenty\/","title":{"rendered":"Materi\u00e1ly pro studenty"},"content":{"rendered":"<h3><span style=\"font-size: 14pt;\">Geometrick\u00e9 publikace<\/span><\/h3>\n<p>P. Pech:\u00a0<a href=\"https:\/\/katedry.pf.jcu.cz\/kma\/wp-content\/uploads\/2018\/08\/Analyticka.pdf\">Analytick\u00e1 geometrie line\u00e1rn\u00edch \u00fatvar\u016f<\/a><br \/>\nP. Pech:\u00a0<a href=\"https:\/\/katedry.pf.jcu.cz\/kma\/wp-content\/uploads\/2018\/08\/Kuzelosecky.pdf\">Ku\u017eelose\u010dky<\/a><br \/>\nR. Ha\u0161ek, P. Pech:\u00a0<a href=\"http:\/\/home.pf.jcu.cz\/~kvadriky\/\">Kvadratick\u00e9 plochy a jejich reprezentace v programu Maple<\/a><br \/>\nP. Pech:\u00a0<a href=\"https:\/\/katedry.pf.jcu.cz\/kma\/wp-content\/uploads\/2018\/08\/Metody.pdf\">Klasick\u00e9 vs. po\u010d\u00edta\u010dov\u00e9 metody p\u0159i \u0159e\u0161en\u00ed \u00faloh v geometrii<\/a><\/p>\n<p>&nbsp;<\/p>\n<h3><span style=\"font-size: 14pt;\">Metody \u0159e\u0161en\u00ed geometrick\u00fdch \u00faloh<\/span><\/h3>\n<p>On-line publikace <strong><a href=\"https:\/\/katedry.pf.jcu.cz\/kma\/pro-studenty\/materialy-pro-studenty\/metody-reseni-geometrickych-uloh\/\">P. Leischner: Metody \u0159e\u0161en\u00ed geometrick\u00fdch \u00faloh<\/a>\u00a0<\/strong><\/p>\n<p>&nbsp;<\/p>\n<h3><span style=\"font-size: 14pt;\">Finan\u010dn\u00ed gramotnost v \u010cesk\u00e9, Polsk\u00e9 a Slovensk\u00e9 republice<\/span><\/h3>\n<p>On-line publikace <strong><a href=\"https:\/\/katedry.pf.jcu.cz\/kma\/wp-content\/uploads\/2018\/08\/Financial_Literacy.pdf\">Kantnerov\u00e1 a kol.: Finan\u010dn\u00ed gramotnost v \u010cesk\u00e9, Polsk\u00e9 a Slovensk\u00e9 republice<\/a><\/strong><\/p>\n<p>&nbsp;<\/p>\n<h3><span style=\"font-size: 14pt;\">\u00davod do financ\u00ed &#8230; Finan\u010dn\u00ed matematika &#8230; Finan\u010dn\u00ed gramotnost<\/span><\/h3>\n<p>Finan\u010dn\u00ed matematika pro ka\u017ed\u00e9ho. Materi\u00e1ly pro studenty i u\u010ditele zab\u00fdvaj\u00edc\u00ed se finan\u010dn\u00ed gramotnost\u00ed\u00a0najdete na\u00a0<a href=\"https:\/\/moodle.pf.jcu.cz\/enrol\/index.php?id=596\">Moodle Finan\u010dn\u00ed matematika<\/a>.<br \/>\nV \u0159\u00edjnu 2010 vy\u0161la v nakladatelstv\u00ed Jiho\u010desk\u00e9 Univerzity kniha\u00a0<strong>&#8222;Vybran\u00e9 kapitoly z finan\u010dn\u00ed gramotnosti&#8220;<\/strong>, autorky: Vladim\u00edra Petr\u00e1\u0161kov\u00e1, Zuzana Horv\u00e1thov\u00e1.<br \/>\nHlavn\u00edm c\u00edlem publikace je sezn\u00e1mit \u010dten\u00e1\u0159e s n\u011bkter\u00fdmi vybran\u00fdmi t\u00e9maty z oblasti finan\u010dn\u00ed gramotnosti. Svoj\u00ed formou je vhodn\u00e1 nejen pro vzd\u011bl\u00e1v\u00e1n\u00ed po\u010d\u00e1te\u010dn\u00ed (pro Z\u0160 i S\u0160), ale i celo\u017eivotn\u00ed.<br \/>\n<a href=\"https:\/\/katedry.pf.jcu.cz\/kma\/pro-studenty\/materialy-pro-studenty\/financni-gramotnost\/\">Podrobnosti a soubory ke sta\u017een\u00ed<\/a><\/p>\n<p>&nbsp;<\/p>\n<h3><span style=\"font-size: 14pt;\">Kl\u00ed\u010dov\u00e9 kompetence<\/span><\/h3>\n<p>On-line publikaci<br \/>\n<strong>H. Binterov\u00e1, R. Ha\u0161ek, P. Pech, V. Petr\u00e1\u0161kov\u00e1: Sb\u00edrka pracovn\u00edch list\u016f z matematiky pro rozvoj kl\u00ed\u010dov\u00fdch kompetenc\u00ed:<\/strong><\/p>\n<p><a href=\"https:\/\/katedry.pf.jcu.cz\/kma\/wp-content\/uploads\/2018\/08\/sbirkaU.pdf\">D\u00edl 1<\/a><\/p>\n<p><a href=\"https:\/\/katedry.pf.jcu.cz\/kma\/wp-content\/uploads\/2018\/08\/sbirkaS.pdf\">D\u00edl 2<\/a><\/p>\n","protected":false},"excerpt":{"rendered":"<p>Geometrick\u00e9 publikace P. Pech:\u00a0Analytick\u00e1 geometrie line\u00e1rn\u00edch \u00fatvar\u016f P. Pech:\u00a0Ku\u017eelose\u010dky R. Ha\u0161ek, P. Pech:\u00a0Kvadratick\u00e9 plochy a jejich reprezentace v programu Maple&#8230;<\/p>\n","protected":false},"author":1,"featured_media":0,"parent":337,"menu_order":0,"comment_status":"closed","ping_status":"closed","template":"","meta":{"footnotes":""},"class_list":["post-474","page","type-page","status-publish","hentry"],"_links":{"self":[{"href":"https:\/\/katedry.pf.jcu.cz\/kma\/wp-json\/wp\/v2\/pages\/474","targetHints":{"allow":["GET"]}}],"collection":[{"href":"https:\/\/katedry.pf.jcu.cz\/kma\/wp-json\/wp\/v2\/pages"}],"about":[{"href":"https:\/\/katedry.pf.jcu.cz\/kma\/wp-json\/wp\/v2\/types\/page"}],"author":[{"embeddable":true,"href":"https:\/\/katedry.pf.jcu.cz\/kma\/wp-json\/wp\/v2\/users\/1"}],"replies":[{"embeddable":true,"href":"https:\/\/katedry.pf.jcu.cz\/kma\/wp-json\/wp\/v2\/comments?post=474"}],"version-history":[{"count":0,"href":"https:\/\/katedry.pf.jcu.cz\/kma\/wp-json\/wp\/v2\/pages\/474\/revisions"}],"up":[{"embeddable":true,"href":"https:\/\/katedry.pf.jcu.cz\/kma\/wp-json\/wp\/v2\/pages\/337"}],"wp:attachment":[{"href":"https:\/\/katedry.pf.jcu.cz\/kma\/wp-json\/wp\/v2\/media?parent=474"}],"curies":[{"name":"wp","href":"https:\/\/api.w.org\/{rel}","templated":true}]}}