{"id":38,"date":"2017-10-22T07:22:53","date_gmt":"2017-10-22T07:22:53","guid":{"rendered":"http:\/\/yodo.one\/?page_id=38"},"modified":"2023-09-19T09:06:23","modified_gmt":"2023-09-19T08:06:23","slug":"aktivity","status":"publish","type":"page","link":"https:\/\/katedry.pf.jcu.cz\/kma\/o-katedre\/aktivity\/","title":{"rendered":"Aktivity"},"content":{"rendered":"<h3><span style=\"font-size: 14pt;\">\u010casopis SBML<\/span><\/h3>\n<p>Na\u0161e katedra vyd\u00e1v\u00e1 \u010dasopis South Bohemia Mathematical Letters, tedy SBML. \u010casopis je zam\u011b\u0159en na Aplikovanou matematiku (Sekce 1) a na Didaktiku matematiky, speci\u00e1ln\u011b vyu\u017eit\u00ed po\u010d\u00edta\u010d\u016f p\u0159i v\u00fduce matematiky (Sekce 2).<\/p>\n<p>Chcete v\u011bd\u011bt v\u00edc? Nav\u0161tivte ofici\u00e1ln\u00ed webov\u00e9 str\u00e1nky tohoto\u00a0<a href=\"http:\/\/home.pf.jcu.cz\/~sbml\/\">\u010dasopisu<\/a>.<\/p>\n<p>&nbsp;<\/p>\n<h3>U\u017eit\u00ed po\u010d\u00edta\u010d\u016f ve v\u00fduce matematiky<\/h3>\n<p>Katedra matematiky Pedagogick\u00e9 fakulty Jiho\u010desk\u00e9 univerzity v \u010c. Bud\u011bjovic\u00edch a Spole\u010dnost u\u010ditel\u016f matematiky J\u010cMF po\u0159\u00e1daj\u00ed ka\u017edolichoro\u010dn\u011b <span class=\"blink_text\">konferenci U\u017eit\u00ed po\u010d\u00edta\u010d\u016f ve v\u00fduce matematiky.<\/span>\u00a0C\u00edlem t\u00e9to konference je shrom\u00e1\u017edit u\u010ditele matematiky z r\u016fzn\u00fdch typ\u016f \u0161kol a odborn\u00edky z oblasti \u0161kolstv\u00ed<br \/>\nk\u00a0diskus\u00edm nejenom nad t\u011bmito t\u00e9maty:<\/p>\n<ul>\n<li>role digit\u00e1ln\u00edch technologi\u00ed ve vyu\u010dov\u00e1n\u00ed matematiky,<\/li>\n<li>vliv digit\u00e1ln\u00edch technologi\u00ed na obsah vyu\u010dov\u00e1n\u00ed,<\/li>\n<li>role u\u010ditele p\u0159i v\u00fduce podporovan\u00e9 po\u010d\u00edta\u010dem,<\/li>\n<li>role digit\u00e1ln\u00ed gramotnosti \u017e\u00e1k\u016f a u\u010ditel\u016f,<\/li>\n<li>ot\u00e1zky rozvoje digit\u00e1ln\u00ed gramotnosti p\u0159i v\u00fduce matematiky,<\/li>\n<li>vliv digit\u00e1ln\u00edch technologi\u00ed na rozvoj matematick\u00e9 a finan\u010dn\u00ed gramotnosti,<\/li>\n<\/ul>\n<p>Chcete v\u011bd\u011bt v\u00edc? Nav\u0161tivte ofici\u00e1ln\u00ed webov\u00e9 str\u00e1nky\u00a0<a href=\"http:\/\/www.pf.jcu.cz\/upvm\">http:\/\/www.pf.jcu.cz\/upvm<\/a>\u00a0.<\/p>\n<p><!--\n&nbsp;\n\n\n<h3><span style=\"font-size: 14pt;\">U\u017eit\u00ed po\u010d\u00edta\u010d\u016f ve v\u00fduce matematiky<\/span><\/h3>\n\n\n&nbsp;\n\n<strong>Katedra matematiky Pedagogick\u00e9 fakulty Jiho\u010desk\u00e9 univerzity v \u010c. Bud\u011bjovic\u00edch a Spole\u010dnost u\u010ditel\u016f matematiky J\u010cMF po\u0159\u00e1daj\u00ed ka\u017edolichoro\u010dn\u011b konferenci U\u017eit\u00ed po\u010d\u00edta\u010d\u016f ve v\u00fduce matematiky.<\/strong>\n\nC\u00edlem t\u00e9to konference je shrom\u00e1\u017edit u\u010ditele matematiky z r\u016fzn\u00fdch typ\u016f \u0161kol a odborn\u00edky z oblasti \u0161kolstv\u00ed k diskus\u00edm nad t\u011bmito okruhy ot\u00e1zek:\n\n\n<ul>\n \t\n\n<li>role po\u010d\u00edta\u010de ve vyu\u010dov\u00e1n\u00ed matematiky<\/li>\n\n\n \t\n\n<li>vliv po\u010d\u00edta\u010de na obsah vyu\u010dov\u00e1n\u00ed<\/li>\n\n\n \t\n\n<li>role u\u010ditele p\u0159i v\u00fduce podporovan\u00e9 po\u010d\u00edta\u010dem<\/li>\n\n\n \t\n\n<li>vliv po\u010d\u00edta\u010de na rozvoj matematick\u00e9 a finan\u010dn\u00ed gramotnosti<\/li>\n\n\n<\/ul>\n\n\n<strong>V r\u00e1mci konference prob\u00edhaj\u00ed workshopy pro za\u010d\u00e1te\u010dn\u00edky i pokro\u010dil\u00e9 k pou\u017e\u00edv\u00e1n\u00ed softwaru: GeoGebra, Maxima, Maple, aj.\u00a0<\/strong>\n\nKonference se kon\u00e1 ka\u017ed\u00fd lich\u00fd rok na podzim.\n\nChcete v\u011bd\u011bt v\u00edc? Nav\u0161tivte ofici\u00e1ln\u00ed webov\u00e9 str\u00e1nky <a href=\"http:\/\/home.pf.jcu.cz\/~upvm\/2019\/\">konference, kter\u00e1 se konala v listopadu 2019<\/a>.\n--><\/p>\n<p>&nbsp;<\/p>\n<h3><span style=\"font-size: 14pt;\">Konference o geometrii a grafice<\/span><\/h3>\n<p>&nbsp;<\/p>\n<p>Chcete v\u011bd\u011bt v\u00edc? Nav\u0161tivte ofici\u00e1ln\u00ed webov\u00e9 str\u00e1nky\u00a0<a href=\"http:\/\/www.csgg.cz\/\">konference<\/a>.<\/p>\n<p>&nbsp;<\/p>\n<h3><span style=\"font-size: 14pt;\">\u00davod do financ\u00ed<\/span><\/h3>\n<p>&nbsp;<\/p>\n<p>Finan\u010dn\u00ed matematika pro ka\u017ed\u00e9ho. Materi\u00e1ly pro studenty i u\u010ditele zab\u00fdvaj\u00edc\u00ed se finan\u010dn\u00ed gramotnost\u00ed.<\/p>\n<p>Chcete v\u011bd\u011bt v\u00edc? Nav\u0161tivte <a href=\"https:\/\/moodle.pf.jcu.cz\/enrol\/index.php?id=596\">Moodle Finan\u010dn\u00ed matematika<\/a>.<\/p>\n<p>&nbsp;<\/p>\n<h3><span style=\"font-size: 14pt;\">Jednota \u010desk\u00fdch matematik\u016f a fyzik\u016f<\/span><\/h3>\n<p>&nbsp;<\/p>\n<p>Jednota \u010desk\u00fdch matematik\u016f a fyzik\u016f pat\u0159\u00ed mezi nejstar\u0161\u00ed existuj\u00edc\u00ed u\u010den\u00e9 spole\u010dnosti v \u010desk\u00fdch zem\u00edch. Byla zalo\u017eena roku 1862. Jej\u00ed \u010dinnost se od po\u010d\u00e1tku zam\u011b\u0159ovala na zlep\u0161ov\u00e1n\u00ed v\u00fduky matematiky a fyziky na \u0161kol\u00e1ch v\u0161ech typ\u016f a \u00farovn\u00ed a na podporu a rozvoj t\u011bchto v\u011bd.<\/p>\n<p>Chcete v\u011bd\u011bt v\u00edc? Nav\u0161tivte ofici\u00e1ln\u00ed webov\u00e9 str\u00e1nky\u00a0<a href=\"http:\/\/home.pf.jcu.cz\/~jcmf\/\">J\u010cMF<\/a>.<\/p>\n<p>&nbsp;<\/p>\n<h3><span style=\"font-size: 14pt;\">GeoGebra Institut<\/span><\/h3>\n<p>&nbsp;<\/p>\n<p>Geogebra Institut v \u010cesk\u00fdch Bud\u011bjovic\u00edch je ustaven v r\u00e1mci katedry matematiky Pedagogick\u00e9 fakulty Jiho\u010desk\u00e9 univerzity v \u010cesk\u00fdch Bud\u011bjovic\u00edch jako 50. v celosv\u011btov\u00e9 siti GeoGebra institutu. Jeho posl\u00e1n\u00edm je:<br \/>\n&#8211; \u0161\u00ed\u0159it informace o programu GeoGebra<br \/>\n&#8211; poskytovat u\u017eivatel\u016fm odbornou pomoc, zaji\u0161\u0165ovat jejich komunikaci a v\u00fdm\u011bnu zku\u0161enost\u00ed<br \/>\n&#8211; koordinovat a po\u0159\u00e1dat setk\u00e1n\u00ed u\u017eivatel\u016f, kurzy u\u017eit\u00ed programu a ud\u011blovat certifik\u00e1ty r\u016fzn\u00fdch stup\u0148\u016f zvl\u00e1dnut\u00ed programu<br \/>\n&#8211; podporovat tvorbu u\u010debn\u00edch materi\u00e1l\u016f v tomto programu<br \/>\n&#8211; prov\u00e1d\u011bt v\u00fdzkumnou \u010dinnost v oblasti u\u017eit\u00ed programu, konfrontovat ho s jin\u00fdmi prost\u0159edky, poskytovat zp\u011btnou vazbu jeho tv\u016frc\u016fm apod.<\/p>\n<p>Program GeoGebra\u00a0<a href=\"http:\/\/www.geogebra.org\/\">www.geogebra.org<\/a>\u00a0je nekomer\u010dn\u00ed, voln\u011b a zdarma \u0161i\u0159iteln\u00fd dynamick\u00fd matematick\u00fd program. Jedn\u00e1 se o program na podporu v\u00fduky matematiky, kter\u00fd se t\u011b\u0161\u00ed \u0161irok\u00e9 oblib\u011b a podpo\u0159e u\u017eivatel\u016f, vesm\u011bs u\u010ditel\u016f matematiky a jejich \u017e\u00e1k\u016f, po cel\u00e9m sv\u011bt\u011b. Hlavn\u00edm autorem programu, stejn\u011b jako my\u0161lenky syst\u00e9mu GeoGebra Institut\u016f, je profesor <a href=\"https:\/\/www.geogebra.org\/m\/qpezbmdh\">Marcus Hohenwarter<\/a> z Johannes Kepler University Linz. V sou\u010dasnosti m\u00e1 program open source status a na jeho v\u00fdvoji se pod\u00edl\u00ed mezin\u00e1rodn\u00ed t\u00fdm program\u00e1tor\u016f.<\/p>\n<p>Chcete v\u011bd\u011bt v\u00edc? Nav\u0161tivte ofici\u00e1ln\u00ed webov\u00e9 str\u00e1nky\u00a0<a href=\"http:\/\/www.pf.jcu.cz\/ggi\">GeoGebra Institutu v \u010cesk\u00fdch Bud\u011bjovic\u00edch<\/a>.<\/p>\n","protected":false},"excerpt":{"rendered":"<p>\u010casopis SBML Na\u0161e katedra vyd\u00e1v\u00e1 \u010dasopis South Bohemia Mathematical Letters, tedy SBML. \u010casopis je zam\u011b\u0159en na Aplikovanou matematiku (Sekce 1)&#8230;<\/p>\n","protected":false},"author":7,"featured_media":0,"parent":34,"menu_order":0,"comment_status":"closed","ping_status":"closed","template":"","meta":{"footnotes":""},"class_list":["post-38","page","type-page","status-publish","hentry"],"_links":{"self":[{"href":"https:\/\/katedry.pf.jcu.cz\/kma\/wp-json\/wp\/v2\/pages\/38","targetHints":{"allow":["GET"]}}],"collection":[{"href":"https:\/\/katedry.pf.jcu.cz\/kma\/wp-json\/wp\/v2\/pages"}],"about":[{"href":"https:\/\/katedry.pf.jcu.cz\/kma\/wp-json\/wp\/v2\/types\/page"}],"author":[{"embeddable":true,"href":"https:\/\/katedry.pf.jcu.cz\/kma\/wp-json\/wp\/v2\/users\/7"}],"replies":[{"embeddable":true,"href":"https:\/\/katedry.pf.jcu.cz\/kma\/wp-json\/wp\/v2\/comments?post=38"}],"version-history":[{"count":0,"href":"https:\/\/katedry.pf.jcu.cz\/kma\/wp-json\/wp\/v2\/pages\/38\/revisions"}],"up":[{"embeddable":true,"href":"https:\/\/katedry.pf.jcu.cz\/kma\/wp-json\/wp\/v2\/pages\/34"}],"wp:attachment":[{"href":"https:\/\/katedry.pf.jcu.cz\/kma\/wp-json\/wp\/v2\/media?parent=38"}],"curies":[{"name":"wp","href":"https:\/\/api.w.org\/{rel}","templated":true}]}}