{"id":351,"date":"2018-02-28T08:36:56","date_gmt":"2018-02-28T07:36:56","guid":{"rendered":"http:\/\/yodo.one\/?page_id=351"},"modified":"2025-12-02T13:47:26","modified_gmt":"2025-12-02T12:47:26","slug":"prijimaci-rizeni","status":"publish","type":"page","link":"https:\/\/katedry.pf.jcu.cz\/kma\/prijimaci-rizeni\/","title":{"rendered":"Magistersk\u00e9 studium (nMgr.)"},"content":{"rendered":"<h2>U\u010ditelstv\u00ed pro druh\u00fd stupe\u0148 z\u00e1kladn\u00edch \u0161kol se specializac\u00ed matematika<\/h2>\n<p>&nbsp;<\/p>\n<p>Navazuj\u00edc\u00ed studijn\u00ed program U\u010ditelstv\u00ed pro 2. stupe\u0148 z\u00e1kladn\u00edch \u0161kol<b>\u00a0<\/b>(k\u00f3d studijn\u00edho programu\u00a0N0114A300102<b>)\u00a0<\/b>se specializac\u00ed matematika lze studovat s libovolnou specializac\u00ed uvedenou v\u00a0\u00a0<a href=\"https:\/\/www.pf.jcu.cz\/images\/PF\/fakulta\/dokumenty\/opatreni-dekan\/2025\/od25-10.pdf\" target=\"_blank\" rel=\"noopener noreferrer\" data-auth=\"NotApplicable\"><b>Opat\u0159en\u00ed d\u011bkanky \u010d. 10\/2025, j\u00edm\u017e se vyhla\u0161uje p\u0159ij\u00edm\u00e1n\u00ed ke studiu na Pedagogick\u00e9 fakult\u011b Jiho\u010desk\u00e9 univerzity v\u00a0\u010cesk\u00fdch Bud\u011bjovic\u00edch se zah\u00e1jen\u00edm v\u00fduky v\u00a0akademick\u00e9m roce 2026\/2027<\/b><\/a>;\u00a0<u>p\u0159edpokladem je v\u0161ak n\u00e1vaznost na kombinaci absolvovan\u00fdch studijn\u00edch obor\u016f\/specializac\u00ed v p\u0159edchoz\u00edm bakal\u00e1\u0159sk\u00e9m studiu<\/u>.<\/p>\n<p>&nbsp;<\/p>\n<p><b><u>Charakteristika studijn\u00edho oboru\/programu\/specializace:<\/u><\/b><\/p>\n<p>Magistersk\u00fd studijn\u00ed program U\u010ditelstv\u00ed\u00a0 pro 2. stupe\u0148 z\u00e1kladn\u00edch \u0161kol se specializac\u00ed matematika\u00a0je koncipov\u00e1n jako dvouspecializa\u010dn\u00ed v kombinaci s dal\u0161\u00ed specializac\u00ed nab\u00edzenou\u00a0na Pedagogick\u00e9 fakult\u011b JU. Studium je ur\u010deno absolvent\u016fm pedagogicky zam\u011b\u0159en\u00fdch kombinac\u00ed dvou bakal\u00e1\u0159sk\u00fdch studijn\u00edch obor\u016f\/specializac\u00ed. Studenti si zapisuj\u00ed povinn\u00e9 p\u0159edm\u011bty, p\u0159edm\u011bty povinn\u011b voliteln\u00e9 a d\u00e1le p\u0159edm\u011bty v\u00fdb\u011brov\u00e9. V pr\u016fb\u011bhu magistersk\u00e9ho dvouspecializa\u010dn\u00edho studia mus\u00ed student ke st\u00e1tn\u00ed zkou\u0161ce z\u00edskat alespo\u0148 120 kredit\u016f. Tyto kredity z\u00edsk\u00e1v\u00e1 z univerzitn\u00edho z\u00e1kladu spole\u010dn\u00e9ho pro ob\u011b specializace, z\u00a0pedagogicko-psychologick\u00e9 slo\u017eky, za p\u0159edm\u011bty specializace A, za p\u0159edm\u011bty specializace B a za diplomovou pr\u00e1ci.<\/p>\n<p>Diplomov\u00e1 pr\u00e1ce se vypracov\u00e1v\u00e1 bu\u010f ze specializace A<b>\u00a0<\/b>nebo ze specializace B\u00a0nebo z pedagogiky a psychologie. Pro \u00fasp\u011b\u0161n\u00e9 absolvov\u00e1n\u00ed studia mus\u00ed student obh\u00e1jit svoji diplomovou pr\u00e1ci a \u00fasp\u011b\u0161n\u011b vykonat st\u00e1tn\u00ed z\u00e1v\u011bre\u010dnou zkou\u0161ku z obou\u00a0specializac\u00ed<b>\u00a0<\/b>magistersk\u00e9ho studia, d\u00e1le z pedagogiky a psychologie.<\/p>\n<p>&nbsp;<\/p>\n<p><a href=\"https:\/\/katedry.pf.jcu.cz\/kma\/nmgrstudplan\/\" target=\"_blank\" rel=\"noopener noreferrer\" data-auth=\"NotApplicable\">P\u0159ehled v\u0161ech povinn\u00fdch p\u0159edm\u011bt\u016f vyu\u010dovan\u00fdch v r\u00e1mci studijn\u00edho programu U\u010ditelstv\u00ed pro druh\u00fd stupe\u0148 z\u00e1kladn\u00edch \u0161kol se specializac\u00ed matematika<\/a><\/p>\n<p>&nbsp;<\/p>\n<p><b><u>Profil absolventa:<\/u><\/b><\/p>\n<p>Absolvent t\u00e9to specializace je kvalifikov\u00e1n jako u\u010ditel matematiky a druh\u00e9 vystudovan\u00e9 specializace na 2. stupni z\u00e1kladn\u00edch \u0161kol. Na tuto profesi je p\u0159ipraven jak po str\u00e1nce odborn\u00e9 &#8211; matematick\u00e9, tak i po str\u00e1nce pedagogicko-psychologick\u00e9, didaktick\u00e9 a metodick\u00e9.<\/p>\n<p>Krom\u011b vzd\u011bl\u00e1vac\u00edch a v\u00fdchovn\u00fdch kompetenc\u00ed si student osvoj\u00ed i znalosti a dovednosti pot\u0159ebn\u00e9 p\u0159i tvorb\u011b r\u00e1mcov\u00fdch vzd\u011bl\u00e1vac\u00edch program\u016f, \u0161koln\u00edch projekt\u016f aj. Sou\u010dasn\u011b je absolvent p\u0159ipraven pro samostatnou pr\u00e1ci v oblasti organizace, \u0159\u00edzen\u00ed a v\u00fduky na z\u00e1kladn\u00ed \u0161kole i v mimo\u0161koln\u00ed \u010dinnosti.<\/p>\n<p>Z\u00edskan\u00e9 odborn\u00e9 znalosti umo\u017e\u0148uj\u00ed uplatn\u011bn\u00ed i v n\u011bkter\u00fdch oblastech st\u00e1tn\u00ed spr\u00e1vy.<\/p>\n<p>&nbsp;<\/p>\n<p>&nbsp;<\/p>\n<p><strong><u>Dal\u0161\u00ed podm\u00ednky pro p\u0159ijet\u00ed<\/u><\/strong><\/p>\n<p>Uchaze\u010di vykonaj\u00ed\u00a0<b>p\u00edsemnou p\u0159ij\u00edmac\u00ed zkou\u0161ku<\/b>\u00a0v rozsahu st\u00e1tn\u00ed z\u00e1v\u011bre\u010dn\u00e9 zkou\u0161ky bakal\u00e1\u0159sk\u00e9ho studijn\u00edho programu Matematika se zam\u011b\u0159en\u00edm na vzd\u011bl\u00e1v\u00e1n\u00ed akreditovan\u00e9ho na Pedagogick\u00e9 fakult\u011b JU.<\/p>\n<p><strong><u>Podm\u00ednky pro p\u0159ijet\u00ed<\/u><\/strong><strong>:<\/strong><\/p>\n<p class=\"x_MsoNormal\">V\u0161ichni z\u00e1jemci o studium magistersk\u00e9ho navazuj\u00edc\u00edho programu U\u010ditelstv\u00ed pro 2. stupe\u0148 z\u00e1kladn\u00edch \u0161kol se specializac\u00ed matematika mus\u00ed proj\u00edt p\u0159ij\u00edmac\u00ed zkou\u0161kou.<\/p>\n<p class=\"x_MsoNormal\">Uchaze\u010di, kte\u0159\u00ed studovali nebo studuj\u00ed na PF JU v bakal\u00e1\u0159sk\u00e9m studijn\u00edm programu Matematika se zam\u011b\u0159en\u00edm na vzd\u011bl\u00e1v\u00e1n\u00ed si vyberou jednu z n\u00e1sleduj\u00edc\u00edch dvou mo\u017enost\u00ed a svoji volbu nahl\u00e1s\u00ed vedouc\u00ed katedry matematiky p\u0159ed kon\u00e1n\u00edm p\u00edsemn\u00e9 p\u0159ij\u00edmac\u00ed zkou\u0161ky nejpozd\u011bji do data stanoven\u00e9ho ve <a href=\"https:\/\/katedry.pf.jcu.cz\/kma\/wp-content\/uploads\/2025\/12\/smernice1-2025.pdf\"><strong>Sm\u011brnici vedouc\u00ed katedry k p\u0159ij\u00edmac\u00edmu \u0159\u00edzen\u00ed \u010d.1\/2025<\/strong><\/a>.<\/p>\n<p class=\"x_MsoListParagraphCxSpFirst\">1.\u00a0\u00a0\u00a0\u00a0\u00a0\u00a0Nechat si uznat p\u00edsemnou st\u00e1tn\u00ed zkou\u0161ku bakal\u00e1\u0159sk\u00e9ho studijn\u00edho programu Matematika se zam\u011b\u0159en\u00edm na vzd\u011bl\u00e1v\u00e1n\u00ed (p\u0159edm\u011bt KMA\/QBZ) nebo studijn\u00edho programu Oborov\u00e9 studium se zam\u011b\u0159en\u00edm na vzd\u011bl\u00e1v\u00e1n\u00ed na 2. stupni z\u00e1kladn\u00ed \u0161koly (p\u0159edm\u011bt KMA\/7Q1) jako p\u00edsemnou p\u0159ij\u00edmac\u00ed zkou\u0161ku.<\/p>\n<p class=\"x_MsoListParagraphCxSpLast\">2.\u00a0\u00a0\u00a0\u00a0\u00a0\u00a0Vykonat p\u00edsemnou p\u0159ij\u00edmac\u00ed zkou\u0161ku v rozsahu SZZ bakal\u00e1\u0159sk\u00e9ho studijn\u00edho programu Matematika se zam\u011b\u0159en\u00edm na vzd\u011bl\u00e1v\u00e1n\u00ed akreditovan\u00e9ho na Pedagogick\u00e9 fakult\u011b JU.<\/p>\n<p class=\"x_MsoNormal\">Ostatn\u00ed uchaze\u010di vykonaj\u00ed p\u00edsemnou p\u0159ij\u00edmac\u00ed zkou\u0161ku v rozsahu SZZ bakal\u00e1\u0159sk\u00e9ho studijn\u00edho programu Matematika se zam\u011b\u0159en\u00edm na vzd\u011bl\u00e1v\u00e1n\u00ed akreditovan\u00e9ho na Pedagogick\u00e9 fakult\u011b JU.<\/p>\n<p class=\"x_MsoNormal\">Maxim\u00e1ln\u011b je v\u00a0 p\u0159ij\u00edmac\u00edm \u0159\u00edzen\u00ed mo\u017eno dos\u00e1hnout 100 bod\u016f.<\/p>\n<p class=\"x_MsoNormal\">Z\u00e1jemci o studium magistersk\u00e9ho navazuj\u00edc\u00edho programu U\u010ditelstv\u00ed pro 2. stupe\u0148 z\u00e1kladn\u00edch \u0161kol se specializac\u00ed matematika bu\u010f vykonaj\u00ed SZZ z matematiky do konce p\u0159ij\u00edmac\u00edho rozhodov\u00e1n\u00ed, nebo se z\u00fa\u010dastn\u00ed p\u00edsemn\u00e9 zkou\u0161ky v r\u00e1mci p\u0159ij\u00edmac\u00edho \u0159\u00edzen\u00ed.<\/p>\n<p><strong><u>Krit\u00e9ria pro sestaven\u00ed po\u0159ad\u00ed uchaze\u010d\u016f <\/u><\/strong><\/p>\n<p class=\"x_MsoNormal\">Na z\u00e1klad\u011b v\u00fdsledk\u016f bodov\u00e9ho hodnocen\u00ed p\u00edsemn\u00e9 p\u0159ij\u00edmac\u00ed zkou\u0161ky (maxim\u00e1ln\u00ed zisk je 100 bod\u016f).<\/p>\n<p class=\"x_MsoNormal\"><a href=\"https:\/\/www.pf.jcu.cz\/documents\/deans_proceedings\/2020\/od20-10.php\">Obecn\u00e1 pravidla p\u0159ij\u00edmac\u00ed zkou\u0161ky naleznete zde<\/a> (viz \u010dl. 15 Opat\u0159en\u00ed d\u011bkanky o p\u0159ij\u00edm\u00e1n\u00ed ke studiu).<\/p>\n<p><a href=\"https:\/\/katedry.pf.jcu.cz\/kma\/wp-content\/uploads\/2023\/10\/VZOR.TEST-P\u0158-mat.navaz_..pdf\">Uk\u00e1zka vzorov\u00e9ho testu k p\u0159ij\u00edmac\u00ed zkou\u0161ce z matematiky.<\/a><\/p>\n<p><strong><u>Dal\u0161\u00ed d\u016fle\u017eit\u00e1 sd\u011blen\u00ed uchaze\u010d\u016fm<\/u><\/strong><\/p>\n<p class=\"x_MsoCommentText\"><b>Podm\u00ednkou pro p\u0159ijet\u00ed (vztahuj\u00edc\u00ed se k\u00a0p\u0159edchoz\u00edmu studiu) je d\u00e1le<\/b>\u00a0<b>absolvov\u00e1n\u00ed:<\/b><\/p>\n<p class=\"x_MsoCommentText\">&#8211; st\u00e1tn\u00ed z\u00e1v\u011bre\u010dn\u00e9 zkou\u0161ky z pedagogiky a psychologie na \u00farovni bakal\u00e1\u0159sk\u00e9ho studia, nebo<\/p>\n<p class=\"x_MsoCommentText\">&#8211; Certifik\u00e1tov\u00e9ho programu PF JU \u2013 Vybran\u00e9 p\u0159edm\u011bty z univerzitn\u00edho z\u00e1kladu a pedagogickopsychologick\u00e9ho z\u00e1kladu bakal\u00e1\u0159sk\u00fdch studijn\u00edch obor\u016f se zam\u011b\u0159en\u00edm na vzd\u011bl\u00e1v\u00e1n\u00ed, nebo<\/p>\n<p class=\"x_MsoCommentText\">&#8211; mus\u00ed uchaze\u010d o studium absolvovat p\u0159ij\u00edmac\u00ed zkou\u0161ku z pedagogickopsychologick\u00fdch discipl\u00edn (vzorov\u00fd test je k dispozici zde:\u00a0<a id=\"LPlnk813352\" href=\"http:\/\/www.pf.jcu.cz\/education\/applicants\/Test_PGPS_NMgr_VZOR.pdf\" target=\"_blank\" rel=\"noopener noreferrer\" data-auth=\"NotApplicable\">http:\/\/www.pf.jcu.cz\/education\/applicants\/Test_PGPS_NMgr_VZOR.pdf<\/a>).<\/p>\n<p><!--\nPodrobn\u011bj\u0161\u00ed pokyny naleznete ve <a href=\"http:\/\/u.cz\/structure\/departments\/kma\/wp-content\/uploads\/2020\/09\/opatreni_2019.pdf\">Sm\u011brnici vedouc\u00ed katedry matematiky k obodov\u00e1n\u00ed p\u0159ij\u00edmac\u00edho \u0159\u00edzen\u00ed.<\/a>\n--><\/p>\n","protected":false},"excerpt":{"rendered":"<p>U\u010ditelstv\u00ed pro druh\u00fd stupe\u0148 z\u00e1kladn\u00edch \u0161kol se specializac\u00ed matematika &nbsp; Navazuj\u00edc\u00ed studijn\u00ed program U\u010ditelstv\u00ed pro 2. stupe\u0148 z\u00e1kladn\u00edch \u0161kol\u00a0(k\u00f3d studijn\u00edho&#8230;<\/p>\n","protected":false},"author":7,"featured_media":0,"parent":0,"menu_order":0,"comment_status":"closed","ping_status":"closed","template":"","meta":{"footnotes":""},"class_list":["post-351","page","type-page","status-publish","hentry"],"_links":{"self":[{"href":"https:\/\/katedry.pf.jcu.cz\/kma\/wp-json\/wp\/v2\/pages\/351","targetHints":{"allow":["GET"]}}],"collection":[{"href":"https:\/\/katedry.pf.jcu.cz\/kma\/wp-json\/wp\/v2\/pages"}],"about":[{"href":"https:\/\/katedry.pf.jcu.cz\/kma\/wp-json\/wp\/v2\/types\/page"}],"author":[{"embeddable":true,"href":"https:\/\/katedry.pf.jcu.cz\/kma\/wp-json\/wp\/v2\/users\/7"}],"replies":[{"embeddable":true,"href":"https:\/\/katedry.pf.jcu.cz\/kma\/wp-json\/wp\/v2\/comments?post=351"}],"version-history":[{"count":0,"href":"https:\/\/katedry.pf.jcu.cz\/kma\/wp-json\/wp\/v2\/pages\/351\/revisions"}],"wp:attachment":[{"href":"https:\/\/katedry.pf.jcu.cz\/kma\/wp-json\/wp\/v2\/media?parent=351"}],"curies":[{"name":"wp","href":"https:\/\/api.w.org\/{rel}","templated":true}]}}

Magisterské studium (nMgr.)

<h2>Učitelství pro druhý stupeň základních škol se specializací matematika</h2>
<p>&nbsp;</p>
<p>Navazující studijní program Učitelství pro 2. stupeň základních škol<b> </b>(kód studijního programu N0114A300102<b>) </b>se specializací matematika lze studovat s libovolnou specializací uvedenou v  <a href="https://www.pf.jcu.cz/images/PF/fakulta/dokumenty/opatreni-dekan/2025/od25-10.pdf" target="_blank" rel="noopener noreferrer" data-auth="NotApplicable"><b>Opatření děkanky č. 10/2025, jímž se vyhlašuje přijímání ke studiu na Pedagogické fakultě Jihočeské univerzity v Českých Budějovicích se zahájením výuky v akademickém roce 2026/2027</b></a>; <u>předpokladem je však návaznost na kombinaci absolvovaných studijních oborů/specializací v předchozím bakalářském studiu</u>.</p>
<p>&nbsp;</p>
<p><b><u>Charakteristika studijního oboru/programu/specializace:</u></b></p>
<p>Magisterský studijní program Učitelství  pro 2. stupeň základních škol se specializací matematika je koncipován jako dvouspecializační v kombinaci s další specializací nabízenou na Pedagogické fakultě JU. Studium je určeno absolventům pedagogicky zaměřených kombinací dvou bakalářských studijních oborů/specializací. Studenti si zapisují povinné předměty, předměty povinně volitelné a dále předměty výběrové. V průběhu magisterského dvouspecializačního studia musí student ke státní zkoušce získat alespoň 120 kreditů. Tyto kredity získává z univerzitního základu společného pro obě specializace, z pedagogicko-psychologické složky, za předměty specializace A, za předměty specializace B a za diplomovou práci.</p>
<p>Diplomová práce se vypracovává buď ze specializace A<b> </b>nebo ze specializace B nebo z pedagogiky a psychologie. Pro úspěšné absolvování studia musí student obhájit svoji diplomovou práci a úspěšně vykonat státní závěrečnou zkoušku z obou specializací<b> </b>magisterského studia, dále z pedagogiky a psychologie.</p>
<p>&nbsp;</p>
<p><a href="https://katedry.pf.jcu.cz/kma/nmgrstudplan/" target="_blank" rel="noopener noreferrer" data-auth="NotApplicable">Přehled všech povinných předmětů vyučovaných v rámci studijního programu Učitelství pro druhý stupeň základních škol se specializací matematika</a></p>
<p>&nbsp;</p>
<p><b><u>Profil absolventa:</u></b></p>
<p>Absolvent této specializace je kvalifikován jako učitel matematiky a druhé vystudované specializace na 2. stupni základních škol. Na tuto profesi je připraven jak po stránce odborné &#8211; matematické, tak i po stránce pedagogicko-psychologické, didaktické a metodické.</p>
<p>Kromě vzdělávacích a výchovných kompetencí si student osvojí i znalosti a dovednosti potřebné při tvorbě rámcových vzdělávacích programů, školních projektů aj. Současně je absolvent připraven pro samostatnou práci v oblasti organizace, řízení a výuky na základní škole i v mimoškolní činnosti.</p>
<p>Získané odborné znalosti umožňují uplatnění i v některých oblastech státní správy.</p>
<p>&nbsp;</p>
<p>&nbsp;</p>
<p><strong><u>Další podmínky pro přijetí</u></strong></p>
<p>Uchazeči vykonají <b>písemnou přijímací zkoušku</b> v rozsahu státní závěrečné zkoušky bakalářského studijního programu Matematika se zaměřením na vzdělávání akreditovaného na Pedagogické fakultě JU.</p>
<p><strong><u>Podmínky pro přijetí</u></strong><strong>:</strong></p>
<p class="x_MsoNormal">Všichni zájemci o studium magisterského navazujícího programu Učitelství pro 2. stupeň základních škol se specializací matematika musí projít přijímací zkouškou.</p>
<p class="x_MsoNormal">Uchazeči, kteří studovali nebo studují na PF JU v bakalářském studijním programu Matematika se zaměřením na vzdělávání si vyberou jednu z následujících dvou možností a svoji volbu nahlásí vedoucí katedry matematiky před konáním písemné přijímací zkoušky nejpozději do data stanoveného ve <a href="https://katedry.pf.jcu.cz/kma/wp-content/uploads/2025/12/smernice1-2025.pdf"><strong>Směrnici vedoucí katedry k přijímacímu řízení č.1/2025</strong></a>.</p>
<p class="x_MsoListParagraphCxSpFirst">1.      Nechat si uznat písemnou státní zkoušku bakalářského studijního programu Matematika se zaměřením na vzdělávání (předmět KMA/QBZ) nebo studijního programu Oborové studium se zaměřením na vzdělávání na 2. stupni základní školy (předmět KMA/7Q1) jako písemnou přijímací zkoušku.</p>
<p class="x_MsoListParagraphCxSpLast">2.      Vykonat písemnou přijímací zkoušku v rozsahu SZZ bakalářského studijního programu Matematika se zaměřením na vzdělávání akreditovaného na Pedagogické fakultě JU.</p>
<p class="x_MsoNormal">Ostatní uchazeči vykonají písemnou přijímací zkoušku v rozsahu SZZ bakalářského studijního programu Matematika se zaměřením na vzdělávání akreditovaného na Pedagogické fakultě JU.</p>
<p class="x_MsoNormal">Maximálně je v  přijímacím řízení možno dosáhnout 100 bodů.</p>
<p class="x_MsoNormal">Zájemci o studium magisterského navazujícího programu Učitelství pro 2. stupeň základních škol se specializací matematika buď vykonají SZZ z matematiky do konce přijímacího rozhodování, nebo se zúčastní písemné zkoušky v rámci přijímacího řízení.</p>
<p><strong><u>Kritéria pro sestavení pořadí uchazečů </u></strong></p>
<p class="x_MsoNormal">Na základě výsledků bodového hodnocení písemné přijímací zkoušky (maximální zisk je 100 bodů).</p>
<p class="x_MsoNormal"><a href="https://www.pf.jcu.cz/documents/deans_proceedings/2020/od20-10.php">Obecná pravidla přijímací zkoušky naleznete zde</a> (viz čl. 15 Opatření děkanky o přijímání ke studiu).</p>
<p><a href="https://katedry.pf.jcu.cz/kma/wp-content/uploads/2023/10/VZOR.TEST-PŘ-mat.navaz_..pdf">Ukázka vzorového testu k přijímací zkoušce z matematiky.</a></p>
<p><strong><u>Další důležitá sdělení uchazečům</u></strong></p>
<p class="x_MsoCommentText"><b>Podmínkou pro přijetí (vztahující se k předchozímu studiu) je dále</b> <b>absolvování:</b></p>
<p class="x_MsoCommentText">&#8211; státní závěrečné zkoušky z pedagogiky a psychologie na úrovni bakalářského studia, nebo</p>
<p class="x_MsoCommentText">&#8211; Certifikátového programu PF JU – Vybrané předměty z univerzitního základu a pedagogickopsychologického základu bakalářských studijních oborů se zaměřením na vzdělávání, nebo</p>
<p class="x_MsoCommentText">&#8211; musí uchazeč o studium absolvovat přijímací zkoušku z pedagogickopsychologických disciplín (vzorový test je k dispozici zde: <a id="LPlnk813352" href="http://www.pf.jcu.cz/education/applicants/Test_PGPS_NMgr_VZOR.pdf" target="_blank" rel="noopener noreferrer" data-auth="NotApplicable">http://www.pf.jcu.cz/education/applicants/Test_PGPS_NMgr_VZOR.pdf</a>).</p>
<p><!--
Podrobnější pokyny naleznete ve <a href="http://u.cz/structure/departments/kma/wp-content/uploads/2020/09/opatreni_2019.pdf">Směrnici vedoucí katedry matematiky k obodování přijímacího řízení.</a>
--></p>

<p>Učitelství pro druhý stupeň základních škol se specializací matematika &nbsp; Navazující studijní program Učitelství pro 2. stupeň základních škol (kód studijního&#8230;</p>
