{"id":331,"date":"2018-02-26T21:39:05","date_gmt":"2018-02-26T20:39:05","guid":{"rendered":"http:\/\/loc\/?page_id=331"},"modified":"2023-10-03T09:14:04","modified_gmt":"2023-10-03T08:14:04","slug":"doktorske-studium","status":"publish","type":"page","link":"https:\/\/katedry.pf.jcu.cz\/kma\/doktorske-studium\/","title":{"rendered":"Doktorsk\u00e9 studium"},"content":{"rendered":"<p aria-level=\"3\"><span style=\"font-size: 18pt; color: #ff9900;\"><b>Oborov\u00e9 didaktiky STEM p\u0159edm\u011bt\u016f<\/b>\u00a0<\/span><\/p>\n<p><b><span data-contrast=\"auto\">Doktorsk\u00fd studijn\u00ed program v prezen\u010dn\u00ed form\u011b\u00a0<\/span><\/b><span data-ccp-props=\"{&quot;134233117&quot;:false,&quot;134233118&quot;:false,&quot;201341983&quot;:0,&quot;335551550&quot;:2,&quot;335551620&quot;:2,&quot;335559738&quot;:0,&quot;335559739&quot;:0,&quot;335559740&quot;:240}\">\u00a0<\/span><b><span data-contrast=\"auto\">se standardn\u00ed dobou studia 4\u202froky.<\/span><\/b><span data-ccp-props=\"{&quot;134233117&quot;:false,&quot;134233118&quot;:false,&quot;201341983&quot;:0,&quot;335551550&quot;:2,&quot;335551620&quot;:2,&quot;335559738&quot;:0,&quot;335559739&quot;:0,&quot;335559740&quot;:240}\">\u00a0<\/span><\/p>\n<p><span data-ccp-props=\"{&quot;134233117&quot;:false,&quot;134233118&quot;:false,&quot;201341983&quot;:0,&quot;335559738&quot;:0,&quot;335559739&quot;:0,&quot;335559740&quot;:240}\">\u00a0<\/span><\/p>\n<p><b><span data-contrast=\"auto\">Kontakt na katedru<\/span><\/b><span data-ccp-props=\"{&quot;201341983&quot;:0,&quot;335559740&quot;:259}\">\u00a0<\/span><\/p>\n<p><b><i><span data-contrast=\"auto\">Katedra matematiky, Jeron\u00fdmova 10, 371 15 \u010cesk\u00e9 Bud\u011bjovice, telefon: 387 773\u202f084,<\/span><\/i><\/b><span data-ccp-props=\"{&quot;134233117&quot;:false,&quot;134233118&quot;:false,&quot;201341983&quot;:0,&quot;335559738&quot;:0,&quot;335559739&quot;:0,&quot;335559740&quot;:240}\">\u00a0<\/span><\/p>\n<p><b><i><span data-contrast=\"auto\">Garant studijn\u00edho programu: doc. RNDr. Libu\u0161e Samkov\u00e1, Ph.D., e-mail: <\/span><\/i><\/b><a href=\"mailto:lsamkova@pf.jcu.cz\"><b><i><span data-contrast=\"none\">lsamkova@pf.jcu.cz<\/span><\/i><\/b><\/a><span data-ccp-props=\"{&quot;134233117&quot;:false,&quot;134233118&quot;:false,&quot;201341983&quot;:0,&quot;335559738&quot;:0,&quot;335559739&quot;:0,&quot;335559740&quot;:240}\">\u00a0<\/span><\/p>\n<p><span data-contrast=\"auto\">\u202f<\/span><span data-ccp-props=\"{&quot;134233117&quot;:false,&quot;134233118&quot;:false,&quot;201341983&quot;:0,&quot;335559738&quot;:0,&quot;335559739&quot;:0,&quot;335559740&quot;:240}\">\u00a0<\/span><\/p>\n<p><span style=\"font-size: 14pt;\"><strong>Charakteristika studijn\u00edho programu\u00a0<\/strong><\/span><\/p>\n<p>&nbsp;<\/p>\n<p><span data-contrast=\"auto\">\u010cty\u0159let\u00e9 <\/span><b><span data-contrast=\"auto\">prezen\u010dn\u00ed<\/span><\/b><span data-contrast=\"auto\"> doktorsk\u00e9 studium, zakon\u010den\u00e9 st\u00e1tn\u00ed doktorskou zkou\u0161kou a\u202fobhajobou doktorsk\u00e9 diserta\u010dn\u00ed pr\u00e1ce. Absolvent z\u00edsk\u00e1 titul Ph.D.<\/span><span data-ccp-props=\"{&quot;134233117&quot;:false,&quot;134233118&quot;:false,&quot;201341983&quot;:0,&quot;335551550&quot;:6,&quot;335551620&quot;:6,&quot;335559738&quot;:0,&quot;335559739&quot;:0,&quot;335559740&quot;:240}\">\u00a0<\/span><\/p>\n<p><span data-contrast=\"none\">Studium je ur\u010deno absolvent\u016fm magistersk\u00e9ho studia:<\/span><span data-ccp-props=\"{&quot;201341983&quot;:0,&quot;335551550&quot;:6,&quot;335551620&quot;:6,&quot;335559739&quot;:0,&quot;335559740&quot;:240}\">\u00a0<\/span><\/p>\n<ul>\n<li data-leveltext=\"-\" data-font=\"Calibri\" data-listid=\"2\" data-list-defn-props=\"{&quot;335551671&quot;:0,&quot;335552541&quot;:1,&quot;335559684&quot;:-2,&quot;335559685&quot;:720,&quot;335559991&quot;:360,&quot;469769226&quot;:&quot;Calibri&quot;,&quot;469769242&quot;:[8226],&quot;469777803&quot;:&quot;left&quot;,&quot;469777804&quot;:&quot;-&quot;,&quot;469777815&quot;:&quot;hybridMultilevel&quot;}\" aria-setsize=\"-1\" data-aria-posinset=\"0\" data-aria-level=\"1\"><span data-contrast=\"none\">u\u010ditelstv\u00ed n\u011bkter\u00e9ho ze STEM p\u0159edm\u011bt\u016f pro st\u0159edn\u00ed \u0161kolu;<\/span><span data-ccp-props=\"{&quot;201341983&quot;:0,&quot;335551550&quot;:6,&quot;335551620&quot;:6,&quot;335559739&quot;:0,&quot;335559740&quot;:240}\">\u00a0<\/span><\/li>\n<li data-leveltext=\"-\" data-font=\"Calibri\" data-listid=\"2\" data-list-defn-props=\"{&quot;335551671&quot;:0,&quot;335552541&quot;:1,&quot;335559684&quot;:-2,&quot;335559685&quot;:720,&quot;335559991&quot;:360,&quot;469769226&quot;:&quot;Calibri&quot;,&quot;469769242&quot;:[8226],&quot;469777803&quot;:&quot;left&quot;,&quot;469777804&quot;:&quot;-&quot;,&quot;469777815&quot;:&quot;hybridMultilevel&quot;}\" aria-setsize=\"-1\" data-aria-posinset=\"0\" data-aria-level=\"1\"><span data-contrast=\"none\">u\u010ditelstv\u00ed n\u011bkter\u00e9ho ze STEM p\u0159edm\u011bt\u016f pro 2. stupe\u0148 z\u00e1kladn\u00ed \u0161koly;<\/span><span data-ccp-props=\"{&quot;201341983&quot;:0,&quot;335551550&quot;:6,&quot;335551620&quot;:6,&quot;335559739&quot;:0,&quot;335559740&quot;:240}\">\u00a0<\/span><\/li>\n<li data-leveltext=\"-\" data-font=\"Calibri\" data-listid=\"2\" data-list-defn-props=\"{&quot;335551671&quot;:0,&quot;335552541&quot;:1,&quot;335559684&quot;:-2,&quot;335559685&quot;:720,&quot;335559991&quot;:360,&quot;469769226&quot;:&quot;Calibri&quot;,&quot;469769242&quot;:[8226],&quot;469777803&quot;:&quot;left&quot;,&quot;469777804&quot;:&quot;-&quot;,&quot;469777815&quot;:&quot;hybridMultilevel&quot;}\" aria-setsize=\"-1\" data-aria-posinset=\"0\" data-aria-level=\"1\"><span data-contrast=\"none\">u\u010ditelstv\u00ed pro 1. stupe\u0148 z\u00e1kladn\u00ed \u0161koly;<\/span><span data-ccp-props=\"{&quot;201341983&quot;:0,&quot;335551550&quot;:6,&quot;335551620&quot;:6,&quot;335559739&quot;:0,&quot;335559740&quot;:240}\">\u00a0<\/span><\/li>\n<li data-leveltext=\"-\" data-font=\"Calibri\" data-listid=\"2\" data-list-defn-props=\"{&quot;335551671&quot;:0,&quot;335552541&quot;:1,&quot;335559684&quot;:-2,&quot;335559685&quot;:720,&quot;335559991&quot;:360,&quot;469769226&quot;:&quot;Calibri&quot;,&quot;469769242&quot;:[8226],&quot;469777803&quot;:&quot;left&quot;,&quot;469777804&quot;:&quot;-&quot;,&quot;469777815&quot;:&quot;hybridMultilevel&quot;}\" aria-setsize=\"-1\" data-aria-posinset=\"0\" data-aria-level=\"1\"><span data-contrast=\"none\">odborn\u00e9ho studia n\u011bkter\u00e9ho ze STEM p\u0159edm\u011bt\u016f.<\/span><span data-ccp-props=\"{&quot;201341983&quot;:0,&quot;335551550&quot;:6,&quot;335551620&quot;:6,&quot;335559739&quot;:0,&quot;335559740&quot;:240}\">\u00a0<\/span><\/li>\n<\/ul>\n<p><span data-contrast=\"auto\">Obory integrovan\u00e9 ve STEM vzd\u011bl\u00e1v\u00e1n\u00ed:<\/span><span data-ccp-props=\"{&quot;134233117&quot;:false,&quot;134233118&quot;:false,&quot;201341983&quot;:0,&quot;335551550&quot;:6,&quot;335551620&quot;:6,&quot;335559738&quot;:0,&quot;335559739&quot;:0,&quot;335559740&quot;:240}\">\u00a0<\/span><\/p>\n<ul>\n<li data-leveltext=\"-\" data-font=\"Calibri\" data-listid=\"2\" data-list-defn-props=\"{&quot;335551671&quot;:0,&quot;335552541&quot;:1,&quot;335559684&quot;:-2,&quot;335559685&quot;:720,&quot;335559991&quot;:360,&quot;469769226&quot;:&quot;Calibri&quot;,&quot;469769242&quot;:[8226],&quot;469777803&quot;:&quot;left&quot;,&quot;469777804&quot;:&quot;-&quot;,&quot;469777815&quot;:&quot;hybridMultilevel&quot;}\" aria-setsize=\"-1\" data-aria-posinset=\"0\" data-aria-level=\"1\"><span data-contrast=\"auto\">p\u0159\u00edrodov\u011bdn\u00e9 obory (biologie, chemie, fyzika, geografie, geologie aj.);\u00a0<\/span><span data-ccp-props=\"{&quot;134233117&quot;:false,&quot;134233118&quot;:false,&quot;201341983&quot;:0,&quot;335551550&quot;:6,&quot;335551620&quot;:6,&quot;335559738&quot;:0,&quot;335559739&quot;:0,&quot;335559740&quot;:240}\">\u00a0<\/span><\/li>\n<li data-leveltext=\"-\" data-font=\"Calibri\" data-listid=\"2\" data-list-defn-props=\"{&quot;335551671&quot;:0,&quot;335552541&quot;:1,&quot;335559684&quot;:-2,&quot;335559685&quot;:720,&quot;335559991&quot;:360,&quot;469769226&quot;:&quot;Calibri&quot;,&quot;469769242&quot;:[8226],&quot;469777803&quot;:&quot;left&quot;,&quot;469777804&quot;:&quot;-&quot;,&quot;469777815&quot;:&quot;hybridMultilevel&quot;}\" aria-setsize=\"-1\" data-aria-posinset=\"0\" data-aria-level=\"1\"><span data-contrast=\"auto\">technick\u00e9 a technologick\u00e9 obory (informatika, informa\u010dn\u00ed a komunika\u010dn\u00ed technologie, pracovn\u00ed v\u00fdchova, technick\u00e1 v\u00fdchova, deskriptivn\u00ed geometrie, technick\u00e9 konstrukce, technick\u00fd design, stroj\u00edrenstv\u00ed aj.);\u00a0<\/span><span data-ccp-props=\"{&quot;134233117&quot;:false,&quot;134233118&quot;:false,&quot;201341983&quot;:0,&quot;335551550&quot;:6,&quot;335551620&quot;:6,&quot;335559738&quot;:0,&quot;335559739&quot;:0,&quot;335559740&quot;:240}\">\u00a0<\/span><\/li>\n<li data-leveltext=\"-\" data-font=\"Calibri\" data-listid=\"2\" data-list-defn-props=\"{&quot;335551671&quot;:0,&quot;335552541&quot;:1,&quot;335559684&quot;:-2,&quot;335559685&quot;:720,&quot;335559991&quot;:360,&quot;469769226&quot;:&quot;Calibri&quot;,&quot;469769242&quot;:[8226],&quot;469777803&quot;:&quot;left&quot;,&quot;469777804&quot;:&quot;-&quot;,&quot;469777815&quot;:&quot;hybridMultilevel&quot;}\" aria-setsize=\"-1\" data-aria-posinset=\"0\" data-aria-level=\"1\"><span data-contrast=\"auto\">matematika.<\/span><span data-ccp-props=\"{&quot;134233117&quot;:false,&quot;134233118&quot;:false,&quot;201341983&quot;:0,&quot;335551550&quot;:6,&quot;335551620&quot;:6,&quot;335559738&quot;:0,&quot;335559739&quot;:0,&quot;335559740&quot;:240}\">\u00a0<\/span><\/li>\n<\/ul>\n<p><span data-contrast=\"auto\">C\u00edlem studia je vychovat experty pro eduka\u010dn\u00ed praxi a oborov\u011b didaktick\u00fd v\u00fdzkum: v\u011bdeck\u00e9 a\u202fkoncep\u010dn\u00ed pracovn\u00edky, kte\u0159\u00ed budou schopni \u0159e\u0161it komplexn\u00ed a n\u00e1ro\u010dn\u00e9 teoretick\u00e9 i praktick\u00e9 probl\u00e9my oborov\u00fdch didaktik STEM p\u0159edm\u011bt\u016f. Studenti jsou p\u0159ipravov\u00e1ni na v\u00fdzkumnou pr\u00e1ci jak v\u202fz\u00e1kladn\u00edm, tak i\u202faplikovan\u00e9m v\u00fdzkumu. Zd\u016frazn\u011bna je p\u0159\u00edprava na mezioborov\u00fd v\u00fdzkum ve\u202fvzd\u011bl\u00e1v\u00e1n\u00ed STEM p\u0159edm\u011bt\u016f. <\/span><span data-contrast=\"none\">Specifick\u00e9 odborn\u00e9 znalosti studenta studijn\u00edho programu jsou v\u00e1z\u00e1ny na konkr\u00e9tn\u00ed oblast STEM a na stupe\u0148 vzd\u011bl\u00e1v\u00e1n\u00ed (prim\u00e1rn\u00ed, vy\u0161\u0161\u00ed a\u202fni\u017e\u0161\u00ed stupe\u0148 sekund\u00e1rn\u00ed), kter\u00e9 si student na za\u010d\u00e1tku studia vol\u00ed jako svou specializaci. V t\u00e9to oblasti je student vybavov\u00e1n didaktick\u00fdm i\u202fodborn\u00fdm z\u00e1kladem, se zac\u00edlen\u00edm na mezioborov\u00e9 trendy a\u202fjejich pr\u016f\u0159ezovost z\u202fpohledu vzd\u011bl\u00e1v\u00e1n\u00ed.<\/span><span data-contrast=\"none\">\u00a0<\/span><span data-ccp-props=\"{&quot;134233117&quot;:false,&quot;134233118&quot;:false,&quot;201341983&quot;:0,&quot;335551550&quot;:6,&quot;335551620&quot;:6,&quot;335559738&quot;:0,&quot;335559739&quot;:0,&quot;335559740&quot;:240}\">\u00a0<\/span><\/p>\n<p><span style=\"font-size: 14pt;\"><b>P\u0159ij\u00edmac\u00ed zkou\u0161ka<\/b>\u00a0<\/span><\/p>\n<p>&nbsp;<\/p>\n<p><span data-contrast=\"none\">Uchaze\u010di o studium p\u0159edkl\u00e1daj\u00ed:<\/span><span data-ccp-props=\"{&quot;201341983&quot;:0,&quot;335551550&quot;:6,&quot;335551620&quot;:6,&quot;335559739&quot;:0,&quot;335559740&quot;:240}\">\u00a0<\/span><\/p>\n<ul>\n<li data-leveltext=\"-\" data-font=\"Calibri\" data-listid=\"2\" data-list-defn-props=\"{&quot;335551671&quot;:0,&quot;335552541&quot;:1,&quot;335559684&quot;:-2,&quot;335559685&quot;:720,&quot;335559991&quot;:360,&quot;469769226&quot;:&quot;Calibri&quot;,&quot;469769242&quot;:[8226],&quot;469777803&quot;:&quot;left&quot;,&quot;469777804&quot;:&quot;-&quot;,&quot;469777815&quot;:&quot;hybridMultilevel&quot;}\" aria-setsize=\"-1\" data-aria-posinset=\"0\" data-aria-level=\"1\"><span data-contrast=\"none\">p\u0159ihl\u00e1\u0161ku ke studiu (v elektronick\u00e9 verzi v ISTAG);<\/span><span data-ccp-props=\"{&quot;201341983&quot;:0,&quot;335551550&quot;:6,&quot;335551620&quot;:6,&quot;335559739&quot;:0,&quot;335559740&quot;:240}\">\u00a0<\/span><\/li>\n<li data-leveltext=\"-\" data-font=\"Calibri\" data-listid=\"2\" data-list-defn-props=\"{&quot;335551671&quot;:0,&quot;335552541&quot;:1,&quot;335559684&quot;:-2,&quot;335559685&quot;:720,&quot;335559991&quot;:360,&quot;469769226&quot;:&quot;Calibri&quot;,&quot;469769242&quot;:[8226],&quot;469777803&quot;:&quot;left&quot;,&quot;469777804&quot;:&quot;-&quot;,&quot;469777815&quot;:&quot;hybridMultilevel&quot;}\" aria-setsize=\"-1\" data-aria-posinset=\"0\" data-aria-level=\"1\"><span data-contrast=\"none\">ov\u011b\u0159en\u00fd opis diplomu a vysv\u011bd\u010den\u00ed o st\u00e1tn\u00ed z\u00e1v\u011bre\u010dn\u00e9 zkou\u0161ce;<\/span><span data-ccp-props=\"{&quot;201341983&quot;:0,&quot;335551550&quot;:6,&quot;335551620&quot;:6,&quot;335559739&quot;:0,&quot;335559740&quot;:240}\">\u00a0<\/span><\/li>\n<li data-leveltext=\"-\" data-font=\"Calibri\" data-listid=\"2\" data-list-defn-props=\"{&quot;335551671&quot;:0,&quot;335552541&quot;:1,&quot;335559684&quot;:-2,&quot;335559685&quot;:720,&quot;335559991&quot;:360,&quot;469769226&quot;:&quot;Calibri&quot;,&quot;469769242&quot;:[8226],&quot;469777803&quot;:&quot;left&quot;,&quot;469777804&quot;:&quot;-&quot;,&quot;469777815&quot;:&quot;hybridMultilevel&quot;}\" aria-setsize=\"-1\" data-aria-posinset=\"0\" data-aria-level=\"1\"><span data-contrast=\"none\">\u017eivotopis, v\u010detn\u011b dosavadn\u00ed publika\u010dn\u00ed \u010dinnosti;<\/span><span data-ccp-props=\"{&quot;201341983&quot;:0,&quot;335551550&quot;:6,&quot;335551620&quot;:6,&quot;335559739&quot;:0,&quot;335559740&quot;:240}\">\u00a0<\/span><\/li>\n<li data-leveltext=\"-\" data-font=\"Calibri\" data-listid=\"2\" data-list-defn-props=\"{&quot;335551671&quot;:0,&quot;335552541&quot;:1,&quot;335559684&quot;:-2,&quot;335559685&quot;:720,&quot;335559991&quot;:360,&quot;469769226&quot;:&quot;Calibri&quot;,&quot;469769242&quot;:[8226],&quot;469777803&quot;:&quot;left&quot;,&quot;469777804&quot;:&quot;-&quot;,&quot;469777815&quot;:&quot;hybridMultilevel&quot;}\" aria-setsize=\"-1\" data-aria-posinset=\"0\" data-aria-level=\"1\"><span data-contrast=\"none\">teze diserta\u010dn\u00edho projektu.\u00a0<\/span><span data-ccp-props=\"{&quot;201341983&quot;:0,&quot;335551550&quot;:6,&quot;335551620&quot;:6,&quot;335559739&quot;:0,&quot;335559740&quot;:240}\">\u00a0<\/span><\/li>\n<\/ul>\n<p><b><span data-contrast=\"auto\">Diplom a vysv\u011bd\u010den\u00ed o st\u00e1tn\u00ed z\u00e1v\u011bre\u010dn\u00e9 zkou\u0161ce budou formou autorizovan\u00e9 konverze dokument\u016f z listinn\u00e9 formy p\u0159evedeny do elektronick\u00e9 formy na jak\u00e9koli pobo\u010dce Czech POINT a p\u0159ilo\u017eeny k elektronick\u00e9 p\u0159ihl\u00e1\u0161ce v IS STAG! \u017divotopis a teze diserta\u010dn\u00edho projektu budou rovn\u011b\u017e p\u0159ilo\u017eeny k elektronick\u00e9 p\u0159ihl\u00e1\u0161ce v IS STAG. <\/span><\/b><span data-contrast=\"auto\">\u202f<\/span><span data-ccp-props=\"{&quot;134233117&quot;:true,&quot;134233118&quot;:true,&quot;201341983&quot;:0,&quot;335551550&quot;:6,&quot;335551620&quot;:6,&quot;335559740&quot;:240}\">\u00a0<\/span><\/p>\n<p>&nbsp;<\/p>\n<p><span data-contrast=\"auto\">P\u0159ij\u00edmac\u00ed \u0159\u00edzen\u00ed se bude konat v term\u00ednu 1.6. &#8211; 14.6.2024. P\u0159ij\u00edmac\u00ed \u0159\u00edzen\u00ed prob\u00edh\u00e1 formou \u00fastn\u00ed zkou\u0161ky, p\u0159i kter\u00e9 uchaze\u010d p\u0159edkl\u00e1d\u00e1 p\u00edsemn\u00fd n\u00e1vrh (teze) p\u0159edpokl\u00e1dan\u00e9ho diserta\u010dn\u00edho projektu a\u202fod\u016fvod\u0148uje jeho relevanci. P\u0159ij\u00edmac\u00ed zkou\u0161ka se d\u00e1le soust\u0159ed\u00ed na n\u00e1sleduj\u00edc\u00ed aspekty:<\/span><span data-ccp-props=\"{&quot;201341983&quot;:2,&quot;335551550&quot;:6,&quot;335551620&quot;:6,&quot;335559738&quot;:150,&quot;335559740&quot;:240}\">\u00a0<\/span><\/p>\n<ul>\n<li data-leveltext=\"-\" data-font=\"Calibri\" data-listid=\"2\" data-list-defn-props=\"{&quot;335551671&quot;:0,&quot;335552541&quot;:1,&quot;335559684&quot;:-2,&quot;335559685&quot;:720,&quot;335559991&quot;:360,&quot;469769226&quot;:&quot;Calibri&quot;,&quot;469769242&quot;:[8226],&quot;469777803&quot;:&quot;left&quot;,&quot;469777804&quot;:&quot;-&quot;,&quot;469777815&quot;:&quot;hybridMultilevel&quot;}\" aria-setsize=\"-1\" data-aria-posinset=\"0\" data-aria-level=\"1\"><span data-contrast=\"none\">dosavadn\u00ed studium a praxe uchaze\u010de a jeho motivace ke studiu v\u202fdan\u00e9m programu doktorsk\u00e9ho studia;<\/span><span data-ccp-props=\"{&quot;201341983&quot;:0,&quot;335551550&quot;:6,&quot;335551620&quot;:6,&quot;335559739&quot;:0,&quot;335559740&quot;:240}\">\u00a0<\/span><\/li>\n<li data-leveltext=\"-\" data-font=\"Calibri\" data-listid=\"2\" data-list-defn-props=\"{&quot;335551671&quot;:0,&quot;335552541&quot;:1,&quot;335559684&quot;:-2,&quot;335559685&quot;:720,&quot;335559991&quot;:360,&quot;469769226&quot;:&quot;Calibri&quot;,&quot;469769242&quot;:[8226],&quot;469777803&quot;:&quot;left&quot;,&quot;469777804&quot;:&quot;-&quot;,&quot;469777815&quot;:&quot;hybridMultilevel&quot;}\" aria-setsize=\"-1\" data-aria-posinset=\"0\" data-aria-level=\"1\"><span data-contrast=\"none\">zku\u0161enosti uchaze\u010de s v\u00fdzkumem ve vzd\u011bl\u00e1v\u00e1n\u00ed nebo odborn\u00fdm v\u00fdzkumem;<\/span><span data-ccp-props=\"{&quot;201341983&quot;:0,&quot;335551550&quot;:6,&quot;335551620&quot;:6,&quot;335559739&quot;:0,&quot;335559740&quot;:240}\">\u00a0<\/span><\/li>\n<li data-leveltext=\"-\" data-font=\"Calibri\" data-listid=\"2\" data-list-defn-props=\"{&quot;335551671&quot;:0,&quot;335552541&quot;:1,&quot;335559684&quot;:-2,&quot;335559685&quot;:720,&quot;335559991&quot;:360,&quot;469769226&quot;:&quot;Calibri&quot;,&quot;469769242&quot;:[8226],&quot;469777803&quot;:&quot;left&quot;,&quot;469777804&quot;:&quot;-&quot;,&quot;469777815&quot;:&quot;hybridMultilevel&quot;}\" aria-setsize=\"-1\" data-aria-posinset=\"0\" data-aria-level=\"1\"><span data-contrast=\"none\">vztah p\u0159edkl\u00e1dan\u00e9ho diserta\u010dn\u00edho projektu ke STEM vzd\u011bl\u00e1v\u00e1n\u00ed;<\/span><span data-ccp-props=\"{&quot;201341983&quot;:0,&quot;335551550&quot;:6,&quot;335551620&quot;:6,&quot;335559739&quot;:0,&quot;335559740&quot;:240}\">\u00a0<\/span><\/li>\n<li data-leveltext=\"-\" data-font=\"Calibri\" data-listid=\"2\" data-list-defn-props=\"{&quot;335551671&quot;:0,&quot;335552541&quot;:1,&quot;335559684&quot;:-2,&quot;335559685&quot;:720,&quot;335559991&quot;:360,&quot;469769226&quot;:&quot;Calibri&quot;,&quot;469769242&quot;:[8226],&quot;469777803&quot;:&quot;left&quot;,&quot;469777804&quot;:&quot;-&quot;,&quot;469777815&quot;:&quot;hybridMultilevel&quot;}\" aria-setsize=\"-1\" data-aria-posinset=\"0\" data-aria-level=\"1\"><span data-contrast=\"none\">v\u00fdb\u011br oblasti STEM, kter\u00e1 bude specializac\u00ed uchaze\u010de v doktorsk\u00e9m studiu; tato oblast m\u016f\u017ee zahrnovat jeden konkr\u00e9tn\u00ed obor STEM, kombinaci dvou a v\u00edce obor\u016f, nebo STEM jako celek;<\/span><span data-ccp-props=\"{&quot;201341983&quot;:0,&quot;335551550&quot;:6,&quot;335551620&quot;:6,&quot;335559739&quot;:0,&quot;335559740&quot;:240}\">\u00a0<\/span><\/li>\n<li data-leveltext=\"-\" data-font=\"Calibri\" data-listid=\"2\" data-list-defn-props=\"{&quot;335551671&quot;:0,&quot;335552541&quot;:1,&quot;335559684&quot;:-2,&quot;335559685&quot;:720,&quot;335559991&quot;:360,&quot;469769226&quot;:&quot;Calibri&quot;,&quot;469769242&quot;:[8226],&quot;469777803&quot;:&quot;left&quot;,&quot;469777804&quot;:&quot;-&quot;,&quot;469777815&quot;:&quot;hybridMultilevel&quot;}\" aria-setsize=\"-1\" data-aria-posinset=\"0\" data-aria-level=\"1\"><span data-contrast=\"none\">v\u00fdb\u011br stupn\u011b vzd\u011bl\u00e1v\u00e1n\u00ed, kter\u00fd bude specializac\u00ed uchaze\u010de v\u202fdoktorsk\u00e9m studiu; mo\u017enosti:\u202f1. stupe\u0148 z\u00e1kladn\u00ed \u0161koly, 2. stupe\u0148 z\u00e1kladn\u00ed \u0161koly, st\u0159edn\u00ed \u0161kola;<\/span><span data-ccp-props=\"{&quot;201341983&quot;:0,&quot;335551550&quot;:6,&quot;335551620&quot;:6,&quot;335559739&quot;:0,&quot;335559740&quot;:240}\">\u00a0<\/span><\/li>\n<li data-leveltext=\"-\" data-font=\"Calibri\" data-listid=\"2\" data-list-defn-props=\"{&quot;335551671&quot;:0,&quot;335552541&quot;:1,&quot;335559684&quot;:-2,&quot;335559685&quot;:720,&quot;335559991&quot;:360,&quot;469769226&quot;:&quot;Calibri&quot;,&quot;469769242&quot;:[8226],&quot;469777803&quot;:&quot;left&quot;,&quot;469777804&quot;:&quot;-&quot;,&quot;469777815&quot;:&quot;hybridMultilevel&quot;}\" aria-setsize=\"-1\" data-aria-posinset=\"0\" data-aria-level=\"1\"><span data-contrast=\"none\">odborn\u00e9 znalosti uchaze\u010de ve zvolen\u00e9m oboru STEM;<\/span><span data-ccp-props=\"{&quot;201341983&quot;:0,&quot;335551550&quot;:6,&quot;335551620&quot;:6,&quot;335559739&quot;:0,&quot;335559740&quot;:240}\">\u00a0<\/span><\/li>\n<li data-leveltext=\"-\" data-font=\"Calibri\" data-listid=\"2\" data-list-defn-props=\"{&quot;335551671&quot;:0,&quot;335552541&quot;:1,&quot;335559684&quot;:-2,&quot;335559685&quot;:720,&quot;335559991&quot;:360,&quot;469769226&quot;:&quot;Calibri&quot;,&quot;469769242&quot;:[8226],&quot;469777803&quot;:&quot;left&quot;,&quot;469777804&quot;:&quot;-&quot;,&quot;469777815&quot;:&quot;hybridMultilevel&quot;}\" aria-setsize=\"-1\" data-aria-posinset=\"0\" data-aria-level=\"1\"><span data-contrast=\"none\">\u00farove\u0148 jazykov\u00fdch znalost\u00ed uchaze\u010de (anglick\u00fd\/n\u011bmeck\u00fd jazyk).<\/span><span data-ccp-props=\"{&quot;201341983&quot;:0,&quot;335551550&quot;:6,&quot;335551620&quot;:6,&quot;335559739&quot;:0,&quot;335559740&quot;:240}\">\u00a0<\/span><\/li>\n<\/ul>\n<p><span data-ccp-props=\"{&quot;201341983&quot;:0,&quot;335551550&quot;:6,&quot;335551620&quot;:6,&quot;335559739&quot;:0,&quot;335559740&quot;:240}\">\u00a0<\/span><\/p>\n<p><span data-contrast=\"none\">P\u00edsemn\u00fd n\u00e1vrh diserta\u010dn\u00edho projektu form\u00e1ln\u011b odpov\u00edd\u00e1 n\u00e1rok\u016fm na odborn\u00fd text, po\u017eadovan\u00fd rozsah je 2 a\u017e 4 strany, uvedeno je kr\u00e1tk\u00e9 shrnut\u00ed (abstrakt) v\u202fanglick\u00e9m jazyce. Navrhovan\u00fd p<\/span><span data-contrast=\"auto\">rojekt mus\u00ed b\u00fdt didakticky zam\u011b\u0159en\u00fd, v\u202fp\u0159\u00edm\u00e9m vztahu k oborov\u00fdm didaktik\u00e1m STEM\u202fp\u0159edm\u011bt\u016f. Jeho sou\u010d\u00e1st\u00ed je n\u00e1vrh metodologick\u00e9ho zpracov\u00e1n\u00ed pl\u00e1novan\u00e9ho v\u00fdzkumu.\u00a0<\/span><span data-ccp-props=\"{&quot;201341983&quot;:2,&quot;335551550&quot;:6,&quot;335551620&quot;:6,&quot;335559738&quot;:150,&quot;335559740&quot;:240}\">\u00a0<\/span><\/p>\n<p><span data-contrast=\"none\">Je \u017e\u00e1douc\u00ed m\u00edt p\u0159edb\u011b\u017en\u00fd souhlas p\u0159\u00edpadn\u00e9ho \u0161kolitele. Aktu\u00e1ln\u00ed seznam dostupn\u00fdch \u0161kolitel\u016f pro vybranou oblast STEM a vybran\u00fd stupe\u0148 vzd\u011bl\u00e1v\u00e1n\u00ed lze zjistit prost\u0159ednictv\u00edm e-mailov\u00e9ho dotazu u\u202fgaranta studijn\u00edho programu.<\/span><span data-ccp-props=\"{&quot;201341983&quot;:2,&quot;335551550&quot;:6,&quot;335551620&quot;:6,&quot;335559738&quot;:150,&quot;335559740&quot;:240}\">\u00a0<\/span><\/p>\n<p><span data-contrast=\"none\">Po\u0159ad\u00ed uchaze\u010d\u016f je stanoveno na z\u00e1klad\u011b jejich bodov\u00e9ho zisku p\u0159i p\u0159ij\u00edmac\u00edm pohovoru, p\u0159i\u010dem\u017e uchaze\u010d m\u016f\u017ee z\u00edskat maxim\u00e1ln\u011b 100 bod\u016f. Minim\u00e1ln\u00ed bodov\u00fd zisk pro p\u0159ijet\u00ed je 70 bod\u016f. Bodov\u00fd zisk stanov\u00ed komise na z\u00e1klad\u011b hlasov\u00e1n\u00ed jej\u00edch \u010dlen\u016f. P\u0159i rovn\u00e9m po\u010dtu hlas\u016f rozhodne hlas p\u0159edsedy komise.<\/span><span data-ccp-props=\"{&quot;201341983&quot;:2,&quot;335551550&quot;:6,&quot;335551620&quot;:6,&quot;335559738&quot;:150,&quot;335559740&quot;:240}\">\u00a0<\/span><\/p>\n<p><span data-contrast=\"auto\">\u202f<\/span><span data-ccp-props=\"{&quot;134233117&quot;:false,&quot;134233118&quot;:false,&quot;201341983&quot;:0,&quot;335551550&quot;:6,&quot;335551620&quot;:6,&quot;335559738&quot;:0,&quot;335559739&quot;:0,&quot;335559740&quot;:240}\">\u00a0<\/span><\/p>\n","protected":false},"excerpt":{"rendered":"<p>Oborov\u00e9 didaktiky STEM p\u0159edm\u011bt\u016f\u00a0 Doktorsk\u00fd studijn\u00ed program v prezen\u010dn\u00ed form\u011b\u00a0\u00a0se standardn\u00ed dobou studia 4\u202froky.\u00a0 \u00a0 Kontakt na katedru\u00a0 Katedra matematiky,&#8230;<\/p>\n","protected":false},"author":1,"featured_media":0,"parent":0,"menu_order":0,"comment_status":"closed","ping_status":"closed","template":"","meta":{"footnotes":""},"class_list":["post-331","page","type-page","status-publish","hentry"],"_links":{"self":[{"href":"https:\/\/katedry.pf.jcu.cz\/kma\/wp-json\/wp\/v2\/pages\/331","targetHints":{"allow":["GET"]}}],"collection":[{"href":"https:\/\/katedry.pf.jcu.cz\/kma\/wp-json\/wp\/v2\/pages"}],"about":[{"href":"https:\/\/katedry.pf.jcu.cz\/kma\/wp-json\/wp\/v2\/types\/page"}],"author":[{"embeddable":true,"href":"https:\/\/katedry.pf.jcu.cz\/kma\/wp-json\/wp\/v2\/users\/1"}],"replies":[{"embeddable":true,"href":"https:\/\/katedry.pf.jcu.cz\/kma\/wp-json\/wp\/v2\/comments?post=331"}],"version-history":[{"count":0,"href":"https:\/\/katedry.pf.jcu.cz\/kma\/wp-json\/wp\/v2\/pages\/331\/revisions"}],"wp:attachment":[{"href":"https:\/\/katedry.pf.jcu.cz\/kma\/wp-json\/wp\/v2\/media?parent=331"}],"curies":[{"name":"wp","href":"https:\/\/api.w.org\/{rel}","templated":true}]}}