{"id":1295,"date":"2025-02-13T11:35:08","date_gmt":"2025-02-13T10:35:08","guid":{"rendered":"https:\/\/katedry.pf.jcu.cz\/kma\/?page_id=1295"},"modified":"2025-02-17T09:40:40","modified_gmt":"2025-02-17T08:40:40","slug":"praxe-pro-studenty-2-st-zs","status":"publish","type":"page","link":"https:\/\/katedry.pf.jcu.cz\/kma\/praxe-pro-studenty-2-st-zs\/","title":{"rendered":"Praxe pro studenty 2. st. Z\u0160"},"content":{"rendered":"<p>Informace pro r\u016fzn\u00e9 typy praxe:<\/p>\n<p><a href=\"https:\/\/katedry.pf.jcu.cz\/kma\/wp-content\/uploads\/2025\/02\/souvisl\u00e1_PRAXE.pdf\" rel=\"attachment wp-att-1298\">souvisl\u00e1_PRAXE<\/a><\/p>\n<p><a href=\"https:\/\/katedry.pf.jcu.cz\/kma\/wp-content\/uploads\/2025\/02\/pr\u016fb\u011b\u017en\u00e1_PRAXE.pdf\" rel=\"attachment wp-att-1299\">pr\u016fb\u011b\u017en\u00e1_PRAXE<\/a><\/p>\n<p><a href=\"https:\/\/katedry.pf.jcu.cz\/kma\/wp-content\/uploads\/2025\/02\/asistenstk\u00e1_PRAXE.pdf\" rel=\"attachment wp-att-1300\">asistenstk\u00e1_PRAXE<\/a><\/p>\n<p><a href=\"https:\/\/katedry.pf.jcu.cz\/kma\/wp-content\/uploads\/2025\/02\/kompetence_graf1.jpg\">Sch\u00e9ma kompetenc\u00ed<\/a> k prax\u00edm<\/p>\n","protected":false},"excerpt":{"rendered":"<p>Informace pro r\u016fzn\u00e9 typy praxe: souvisl\u00e1_PRAXE pr\u016fb\u011b\u017en\u00e1_PRAXE asistenstk\u00e1_PRAXE Sch\u00e9ma kompetenc\u00ed k prax\u00edm<\/p>\n","protected":false},"author":9,"featured_media":0,"parent":0,"menu_order":0,"comment_status":"closed","ping_status":"closed","template":"","meta":{"footnotes":""},"class_list":["post-1295","page","type-page","status-publish","hentry"],"_links":{"self":[{"href":"https:\/\/katedry.pf.jcu.cz\/kma\/wp-json\/wp\/v2\/pages\/1295","targetHints":{"allow":["GET"]}}],"collection":[{"href":"https:\/\/katedry.pf.jcu.cz\/kma\/wp-json\/wp\/v2\/pages"}],"about":[{"href":"https:\/\/katedry.pf.jcu.cz\/kma\/wp-json\/wp\/v2\/types\/page"}],"author":[{"embeddable":true,"href":"https:\/\/katedry.pf.jcu.cz\/kma\/wp-json\/wp\/v2\/users\/9"}],"replies":[{"embeddable":true,"href":"https:\/\/katedry.pf.jcu.cz\/kma\/wp-json\/wp\/v2\/comments?post=1295"}],"version-history":[{"count":0,"href":"https:\/\/katedry.pf.jcu.cz\/kma\/wp-json\/wp\/v2\/pages\/1295\/revisions"}],"wp:attachment":[{"href":"https:\/\/katedry.pf.jcu.cz\/kma\/wp-json\/wp\/v2\/media?parent=1295"}],"curies":[{"name":"wp","href":"https:\/\/api.w.org\/{rel}","templated":true}]}}

Praxe pro studenty 2. st. ZŠ

<p>Informace pro různé typy praxe:</p>
<p><a href="https://katedry.pf.jcu.cz/kma/wp-content/uploads/2025/02/souvislá_PRAXE.pdf" rel="attachment wp-att-1298">souvislá_PRAXE</a></p>
<p><a href="https://katedry.pf.jcu.cz/kma/wp-content/uploads/2025/02/průběžná_PRAXE.pdf" rel="attachment wp-att-1299">průběžná_PRAXE</a></p>
<p><a href="https://katedry.pf.jcu.cz/kma/wp-content/uploads/2025/02/asistenstká_PRAXE.pdf" rel="attachment wp-att-1300">asistenstká_PRAXE</a></p>
<p><a href="https://katedry.pf.jcu.cz/kma/wp-content/uploads/2025/02/kompetence_graf1.jpg">Schéma kompetencí</a> k praxím</p>

<p>Informace pro různé typy praxe: souvislá_PRAXE průběžná_PRAXE asistenstká_PRAXE Schéma kompetencí k praxím</p>
