{"id":811,"date":"2020-12-16T16:47:47","date_gmt":"2020-12-16T15:47:47","guid":{"rendered":"https:\/\/katedry.pf.jcu.cz\/kin\/?page_id=811"},"modified":"2024-05-07T10:45:04","modified_gmt":"2024-05-07T09:45:04","slug":"den-otevrenych-dveri","status":"publish","type":"page","link":"https:\/\/katedry.pf.jcu.cz\/kin\/den-otevrenych-dveri\/","title":{"rendered":"Den otev\u0159en\u00fdch dve\u0159\u00ed"},"content":{"rendered":"<h3><a href=\"https:\/\/katedry.pf.jcu.cz\/kin\/prispevek\/den-otevrenych-dveri-na-katedre-informatiky\/\">Aktu\u00e1ln\u00ed informace<\/a><\/h3>\n","protected":false},"excerpt":{"rendered":"<p>Aktu\u00e1ln\u00ed informace<\/p>\n","protected":false},"author":10,"featured_media":0,"parent":0,"menu_order":0,"comment_status":"closed","ping_status":"closed","template":"","meta":{"footnotes":""},"class_list":["post-811","page","type-page","status-publish","hentry"],"_links":{"self":[{"href":"https:\/\/katedry.pf.jcu.cz\/kin\/wp-json\/wp\/v2\/pages\/811","targetHints":{"allow":["GET"]}}],"collection":[{"href":"https:\/\/katedry.pf.jcu.cz\/kin\/wp-json\/wp\/v2\/pages"}],"about":[{"href":"https:\/\/katedry.pf.jcu.cz\/kin\/wp-json\/wp\/v2\/types\/page"}],"author":[{"embeddable":true,"href":"https:\/\/katedry.pf.jcu.cz\/kin\/wp-json\/wp\/v2\/users\/10"}],"replies":[{"embeddable":true,"href":"https:\/\/katedry.pf.jcu.cz\/kin\/wp-json\/wp\/v2\/comments?post=811"}],"version-history":[{"count":0,"href":"https:\/\/katedry.pf.jcu.cz\/kin\/wp-json\/wp\/v2\/pages\/811\/revisions"}],"wp:attachment":[{"href":"https:\/\/katedry.pf.jcu.cz\/kin\/wp-json\/wp\/v2\/media?parent=811"}],"curies":[{"name":"wp","href":"https:\/\/api.w.org\/{rel}","templated":true}]}}

Den otevřených dveří

<h3><a href="https://katedry.pf.jcu.cz/kin/prispevek/den-otevrenych-dveri-na-katedre-informatiky/">Aktuální informace</a></h3>

<p>Aktuální informace</p>
