{"id":361,"date":"2018-02-28T10:16:03","date_gmt":"2018-02-28T09:16:03","guid":{"rendered":"http:\/\/katedry.pf.jcu.cz\/kin\/?page_id=361"},"modified":"2025-12-16T08:32:18","modified_gmt":"2025-12-16T07:32:18","slug":"prubezne-praxe-terminy","status":"publish","type":"page","link":"https:\/\/katedry.pf.jcu.cz\/kin\/studentske-praxe\/prubezne-praxe-terminy\/","title":{"rendered":"Pr\u016fb\u011b\u017en\u00e9 praxe &#8211; term\u00edny"},"content":{"rendered":"<h3 style=\"padding-left: 30px;\">Pr\u016fb\u011b\u017en\u00e1 pedagogick\u00e1 a asistentsk\u00e1 praxe na KIN ve studijn\u00edm roce 2025\/2026<\/h3>\n<ul>\n<li>Pr\u016fb\u011b\u017enou pedagogickou reflektovanou praxi (<b>KIN\/0PRP<\/b>) konaj\u00ed studenti <b>navazuj\u00edc\u00edho studia informatiky v zimn\u00edm nebo letn\u00edm semestru 1. ro\u010dn\u00edku <\/b>2 hodiny t\u00fddn\u011b (rozpis n\u00ed\u017ee).<\/li>\n<li><b>Podmi\u0148uj\u00edc\u00edm p\u0159edm\u011btem pr\u016fb\u011b\u017en\u00e9 praxe KIN\/0PRP je <\/b><strong>Didaktika informatiky I<\/strong><b>.<\/b><\/li>\n<li>Asistentskou odbornou praxi (<b>KIN\/7PAP<\/b>) konaj\u00ed studenti <b>jednooborov\u00e9ho bakal\u00e1\u0159sk\u00e9ho oboru ITA v zimn\u00edm semestru 2. ro\u010dn\u00edku<\/b> (10 hodin\/semestr, rozpis n\u00ed\u017ee).<\/li>\n<li>Stanoven\u00e9 term\u00edny z\u00e1pisu v\u0161ech prax\u00ed a rozd\u011blen\u00ed do skupin je nutn\u00e9 dodr\u017eet, praxe budou takto pro studenty rozvrhov\u00e1ny. V jin\u00fdch semestrech ji\u017e nem\u016f\u017ee b\u00fdt zaji\u0161t\u011bna mo\u017enost absolvov\u00e1n\u00ed t\u011bchto prax\u00ed z kapacitn\u00edch d\u016fvod\u016f v jednotliv\u00fdch skupin\u00e1ch \u010di mo\u017en\u00e9 kolize s rozvrhem jin\u00fdch p\u0159edm\u011bt\u016f.<\/li>\n<li>Souvisl\u00e9 praxe KIN\/0SRP a KIN\/7PIA si v posledn\u00edm ro\u010dn\u00edku studenti organizuj\u00ed sami, v\u00edce na <a href=\"http:\/\/katedry.pf.jcu.cz\/kin\/studentske-praxe\/\">str\u00e1nk\u00e1ch prax\u00ed<\/a>.<\/li>\n<li><b>Podmi\u0148uj\u00edc\u00edm p\u0159edm\u011btem souvisl\u00e9 pedagogick\u00e9 praxe KIN\/0SRP je pr\u016fb\u011b\u017en\u00e1 praxe KIN\/0PRP<\/b>.<\/li>\n<li><strong>Povinn\u00e9 poji\u0161t\u011bn\u00ed praxe!<\/strong> Na v\u0161echny typy prax\u00ed (asistentsk\u00e9, ter\u00e9nn\u00ed, pr\u016fb\u011b\u017en\u00e9 i souvisl\u00e9) je nutn\u00e9 m\u00edt od studijn\u00edho roku 2019\/2020 uzav\u0159en\u00e9 poji\u0161t\u011bn\u00ed odpov\u011bdnosti za \u00fajmu. Poji\u0161t\u011bn\u00ed zajist\u00ed i fakulta za 240 K\u010d\/rok, v\u00edce informac\u00ed je na\u00a0<a href=\"https:\/\/www.pf.jcu.cz\/education\/department\/praxe\/pojisteni.php\">https:\/\/intranet.pf.jcu.cz\/praxe\/pojisteni\/<\/a>.<\/li>\n<\/ul>\n<h3>Aktu\u00e1ln\u00ed rozpis pr\u016fb\u011b\u017en\u00e9 pedagogick\u00e9 a asistentsk\u00e9 praxe, stanoven\u00e9 term\u00edny z\u00e1pisu:<\/h3>\n<h4>Zimn\u00ed semestr<\/h4>\n<ul>\n<li><b>KIN\/0PRP<\/b> &#8211; 1. ro\u010dn\u00edk navazuj\u00edc\u00edho studia (dvouobory): Z\u0160 Nerudova 9 (budova \u010c\u00e9\u010dova), \u010cB, <b>\u010dtvrtek 8:55-10<\/b><b>:00<\/b>, prov\u00e1zej\u00edc\u00ed u\u010ditel Mgr. Radovan Mike\u0161 (<a href=\"mailto:radovan.mikes@zsnerudova.cz\">radovan.mikes@zsnerudova.cz<\/a>), garant PaedDr. Petr Pexa, Ph.D.\n<ul>\n<li>\u00davodn\u00ed n\u00e1slechov\u00e1 hodina se uskute\u010dn\u00ed v 1. t\u00fddnu zimn\u00edho semestru, sraz ve <b>\u010dtvrtek 25. 9. 2025 v 8:45<\/b><b> <\/b>p\u0159ed budovou Z\u0160 Nerudova<b> v \u010c\u00e9\u010dov\u011b ulici<\/b>.<\/li>\n<\/ul>\n<\/li>\n<li><b>KIN\/7PAP<\/b> &#8211; 2. ro\u010dn\u00edk jednooborov\u00fd bakal\u00e1\u0159sk\u00fd obor ITA: Z\u0160 Dukelsk\u00e1 11, \u010cB, <b>\u00fater\u00fd 8:00<\/b>, odborn\u00fd u\u010ditel Mgr. Tom\u00e1\u0161 Pol\u00e1k (<a href=\"mailto:tomas.polak@zsdukelska.cz\">tomas.polak@zsdukelska.cz<\/a>), garant PaedDr. Petr Pexa, Ph.D.\n<ul>\n<li><a href=\"https:\/\/www.petrpexa.cz\/praxe\/7PAP_rozpis_2025.pdf\">Rozpis term\u00edn\u016f a rozd\u011blen\u00ed do skupin<\/a> (pr\u016fb\u011b\u017en\u011b kontrolujte mo\u017en\u00e9 zm\u011bny).<\/li>\n<li>Sraz v\u017edy v \u00fater\u00fd v 7:50 p\u0159ed budovou Z\u0160 Dukelsk\u00e1 11, prvn\u00ed skupina zah\u00e1j\u00ed praxi v \u00fater\u00fd <strong>23. 9. 2025<\/strong>.<\/li>\n<\/ul>\n<\/li>\n<li><strong>KIN\/7OAP<\/strong> &#8211; 3. ro\u010dn\u00edk v\u0161ech bakal\u00e1\u0159sk\u00fdch obor\u016f, <strong>st\u0159eda 9-11 Z\u0160 Nerudova<\/strong> (prov\u00e1zej\u00edc\u00ed u\u010ditel Mgr. V\u00e1clav Stan\u011bk) a <strong>Z\u0160 Kubatova<\/strong> (Mgr. Petr Hanzal a Mgr. Martin K\u016frka), garant: PaedDr. Petr Pexa, Ph.D., metodici: Mgr. V\u00e1clav Dobi\u00e1\u0161, Ph.D. a Mgr. Patrik Klof\u00e1\u010d, Ph.D.\n<ul>\n<li><a href=\"https:\/\/www.petrpexa.cz\/praxe\/7OAP_rozpis_2025.pdf\">Rozpis term\u00edn\u016f a rozd\u011blen\u00ed do skupin<\/a> (skupiny dr. Pexy).<\/li>\n<li>Sraz v\u017edy ve st\u0159edu v 8:45 p\u0159ed budovou Z\u0160 Nerudova, prvn\u00ed skupina zah\u00e1j\u00ed praxi ve st\u0159edu <strong>24. 9. 2024<\/strong>.<\/li>\n<\/ul>\n<\/li>\n<\/ul>\n<h4>Letn\u00ed semestr<\/h4>\n<ul>\n<li><b>KIN\/0PRP<\/b> &#8211; <strong>1. ro\u010dn\u00edk<\/strong> navazuj\u00edc\u00edho studia (dvouobory a ITA):\n<ul>\n<li><strong>1. skupina<\/strong>: Z\u0160 Nerudova 9 (budova \u010c\u00e9\u010dova), \u010cB, <b>\u010dtvrtek 8:55-10:00<\/b>, prov\u00e1zej\u00edc\u00ed u\u010ditel Mgr. Radovan Mike\u0161 (<a href=\"mailto:radovan.mikes@zsnerudova.cz\">radovan.mikes@zsnerudova.cz<\/a>), garant PaedDr. Petr Pexa, Ph.D.\n<ul>\n<li>\u00davodn\u00ed n\u00e1slechov\u00e1 hodina se uskute\u010dn\u00ed v 1. t\u00fddnu letn\u00edho semestru, sraz ve <b>\u010dtvrtek 19. 2. 2026 v 8:45<\/b> p\u0159ed budovou Z\u0160 Nerudova<b> v \u010c\u00e9\u010dov\u011b ulici<\/b>.<\/li>\n<\/ul>\n<p><!--\n \t\n\n<li>Praxe se ve st. roce 2018\/2019 z d\u016fvodu mal\u00e9ho po\u010dtu student\u016f navazuj\u00edc\u00edho studia nekon\u00e1.--><\/li>\n<li><strong>2. skupina<\/strong>: Z\u0160 Kubatova, \u010cB, <b>\u010dtvrtek 8:55-10:00<\/b>, prov\u00e1zej\u00edc\u00ed u\u010ditel Mgr. Petr Hanzal (<a href=\"administrator@zskucb.cz\">administrator@zskucb.cz<\/a>), garant PaedDr. Petr Pexa, Ph.D.\n<ul>\n<li>\u00davodn\u00ed n\u00e1slechov\u00e1 hodina se uskute\u010dn\u00ed v 1. t\u00fddnu letn\u00edho semestru, sraz ve <b>\u010dtvrtek 19. 2. 2026 v 8:45<\/b> p\u0159ed budovou Z\u0160 Kubatova.<\/li>\n<\/ul>\n<\/li>\n<\/ul>\n<\/li>\n<\/ul>\n<p>Dal\u0161\u00ed informace z\u00edsk\u00e1te na <a href=\"http:\/\/katedry.pf.jcu.cz\/kin\/studentske-praxe\/\"> str\u00e1nk\u00e1ch prax\u00ed KIN<\/a> nebo u garanta prax\u00ed na kated\u0159e informatiky <a href=\"http:\/\/katedry.pf.jcu.cz\/kin\/clen\/paeddr-petr-pexa-ph-d\/\">PaedDr. Petra Pexy, Ph.D.<\/a><\/p>\n","protected":false},"excerpt":{"rendered":"<p>Pr\u016fb\u011b\u017en\u00e1 pedagogick\u00e1 a asistentsk\u00e1 praxe na KIN ve studijn\u00edm roce 2025\/2026 Pr\u016fb\u011b\u017enou pedagogickou reflektovanou praxi (KIN\/0PRP) konaj\u00ed studenti navazuj\u00edc\u00edho studia&#8230;<\/p>\n","protected":false},"author":10,"featured_media":0,"parent":329,"menu_order":0,"comment_status":"closed","ping_status":"closed","template":"","meta":{"footnotes":""},"class_list":["post-361","page","type-page","status-publish","hentry"],"_links":{"self":[{"href":"https:\/\/katedry.pf.jcu.cz\/kin\/wp-json\/wp\/v2\/pages\/361","targetHints":{"allow":["GET"]}}],"collection":[{"href":"https:\/\/katedry.pf.jcu.cz\/kin\/wp-json\/wp\/v2\/pages"}],"about":[{"href":"https:\/\/katedry.pf.jcu.cz\/kin\/wp-json\/wp\/v2\/types\/page"}],"author":[{"embeddable":true,"href":"https:\/\/katedry.pf.jcu.cz\/kin\/wp-json\/wp\/v2\/users\/10"}],"replies":[{"embeddable":true,"href":"https:\/\/katedry.pf.jcu.cz\/kin\/wp-json\/wp\/v2\/comments?post=361"}],"version-history":[{"count":0,"href":"https:\/\/katedry.pf.jcu.cz\/kin\/wp-json\/wp\/v2\/pages\/361\/revisions"}],"up":[{"embeddable":true,"href":"https:\/\/katedry.pf.jcu.cz\/kin\/wp-json\/wp\/v2\/pages\/329"}],"wp:attachment":[{"href":"https:\/\/katedry.pf.jcu.cz\/kin\/wp-json\/wp\/v2\/media?parent=361"}],"curies":[{"name":"wp","href":"https:\/\/api.w.org\/{rel}","templated":true}]}}