

{"id":341,"date":"2018-02-27T18:46:19","date_gmt":"2018-02-27T17:46:19","guid":{"rendered":"http:\/\/katedry.pf.jcu.cz\/kin\/?page_id=341"},"modified":"2023-01-17T09:34:48","modified_gmt":"2023-01-17T08:34:48","slug":"test-it","status":"publish","type":"page","link":"https:\/\/katedry.pf.jcu.cz\/kin\/test-it\/","title":{"rendered":"IT test"},"content":{"rendered":"<p>Test informa\u010dn\u00ed gramotnosti ITT (Informa\u010dn\u00ed technologie &#8211; test) ji\u017e pro studenty\u00a0 program\u016f<strong> oborov\u00e9ho studia se zam\u011b\u0159en\u00edm na vzd\u011bl\u00e1v\u00e1n\u00ed na 2. stupni z\u00e1kladn\u00ed \u0161koly<\/strong>\u00a0nen\u00ed povinn\u00fd, n\u00fdbr\u017e v\u00fdb\u011brov\u00fd. Prob\u00edh\u00e1 jak v zimn\u00edm, tak v\u00a0letn\u00edm semestru. <b><br \/>\n<\/b><\/p>\n<h4>Informa\u010dn\u00ed technologie se v tomto p\u0159edm\u011btu nevyu\u010duj\u00ed, ale pouze testuj\u00ed.<\/h4>\n<p>&nbsp;<\/p>\n<table style=\"height: 121px;width: 427px\">\n<tbody>\n<tr>\n<td style=\"width: 209.783px\">Kontakt na zkou\u0161ej\u00edc\u00ed<\/td>\n<td style=\"width: 197.217px\"><a href=\"http:\/\/katedry.pf.jcu.cz\/kin\/clen\/rndr-hana-havelkova\/\"><b>Hana Havelkov\u00e1<\/b><\/a><\/td>\n<\/tr>\n<tr>\n<td style=\"width: 209.783px\">Konzultace dle vypsan\u00fdch<\/td>\n<td style=\"width: 197.217px\"><a href=\"http:\/\/katedry.pf.jcu.cz\/kin\/clenove\/konzultacni-hodiny\/\">konzulta\u010dn\u00edch hodin<\/a><\/td>\n<\/tr>\n<tr>\n<td style=\"width: 209.783px\">Dotazy ohledn\u011b ITT pi\u0161te na<\/td>\n<td style=\"width: 197.217px\"><b>havelkova@pf.jcu.cz<\/b><\/td>\n<\/tr>\n<\/tbody>\n<\/table>\n<p>&nbsp;<\/p>\n<p><b>Z\u00e1kladn\u00ed informace:<\/b> jedn\u00e1 se o p\u0159edm\u011bt s hodnotou jednoho kreditu. Term\u00edny testu <strong>budou<\/strong> zve\u0159ejn\u011bny ve STAGu a je nutn\u00e9 se na n\u011b p\u0159edem p\u0159ihl\u00e1sit.<\/p>\n<h4><b>AKTU\u00c1LN\u011a:<\/b><\/h4>\n<p><b>Ve\u0161ker\u00e9 testy prob\u00edhaj\u00ed online prost\u0159ednictv\u00edm LMS moodle.<br \/>\n<\/b>Podrobn\u00e9 informace naleznete v kurzu <a href=\"https:\/\/moodle.pf.jcu.cz\/course\/view.php?id=973\" target=\"_blank\" rel=\"noopener\">Online testy p\u0159edm\u011btu KIN\/ITT<\/a>, do n\u011bho\u017e budou p\u0159\u00edpadn\u00ed z\u00e1jemci zaps\u00e1ni (z\u00e1pis provede garant p\u0159edm\u011btu).<br \/>\nJe t\u0159eba se\u00a0 zaregistrovat do kurzu a prostudovat pokyny k testov\u00e1n\u00ed.<\/p>\n<p>Pot\u0159ebujete-li cokoliv ohledn\u011b testu probrat, napi\u0161te mail a domluvte si konzultaci.<\/p>\n<h4><b> Informace k z\u00e1pisu z\u00e1po\u010dtu do indexu:<\/b><\/h4>\n<p>Studenti, kte\u0159\u00ed ji\u017e <b>splnili test a maj\u00ed tuto informaci uvedenou ve Stagu<\/b>, mohou vyu\u017e\u00edt z\u00e1pisu z\u00e1po\u010dtu do indexu u\u00a0sekret\u00e1\u0159ky katedry informatiky <b>L. Fialov\u00e9 (J506, Po-\u010cT od 8 do 13 hod)<\/b>. Pokud z\u00e1po\u010det nen\u00ed uzn\u00e1n ve Stagu, z\u00e1pis prov\u00e1d\u00ed zkou\u0161ej\u00edc\u00ed, kter\u00fd test zad\u00e1val.<\/p>\n<p>&nbsp;<\/p>\n<ul>\n<li><a href=\"https:\/\/katedry.pf.jcu.cz\/kin\/test-it\/pravidla-pro-testovani\/\">Pravidla pro testov\u00e1n\u00ed<\/a><\/li>\n<li><a href=\"https:\/\/katedry.pf.jcu.cz\/kin\/test-it\/pozadovane-znalosti\/\" rel=\"noopener\">Po\u017eadovan\u00e9 znalosti<\/a><\/li>\n<li><a href=\"https:\/\/katedry.pf.jcu.cz\/kin\/test-it\/studijni-materialy-itt\/\" rel=\"noopener\">Studijn\u00ed materi\u00e1ly<\/a><\/li>\n<li><a href=\"https:\/\/katedry.pf.jcu.cz\/kin\/test-it\/moznost-uznani-predmetu\/\" rel=\"noopener\">Mo\u017enost uzn\u00e1n\u00ed p\u0159edm\u011btu<\/a><\/li>\n<\/ul>\n","protected":false},"excerpt":{"rendered":"<p>Test informa\u010dn\u00ed gramotnosti ITT (Informa\u010dn\u00ed technologie &#8211; test) ji\u017e pro studenty\u00a0 program\u016f oborov\u00e9ho studia se zam\u011b\u0159en\u00edm na vzd\u011bl\u00e1v\u00e1n\u00ed na 2&#8230;.<\/p>\n","protected":false},"author":11,"featured_media":0,"parent":0,"menu_order":0,"comment_status":"closed","ping_status":"closed","template":"","meta":{"footnotes":""},"class_list":["post-341","page","type-page","status-publish","hentry"],"_links":{"self":[{"href":"https:\/\/katedry.pf.jcu.cz\/kin\/wp-json\/wp\/v2\/pages\/341","targetHints":{"allow":["GET"]}}],"collection":[{"href":"https:\/\/katedry.pf.jcu.cz\/kin\/wp-json\/wp\/v2\/pages"}],"about":[{"href":"https:\/\/katedry.pf.jcu.cz\/kin\/wp-json\/wp\/v2\/types\/page"}],"author":[{"embeddable":true,"href":"https:\/\/katedry.pf.jcu.cz\/kin\/wp-json\/wp\/v2\/users\/11"}],"replies":[{"embeddable":true,"href":"https:\/\/katedry.pf.jcu.cz\/kin\/wp-json\/wp\/v2\/comments?post=341"}],"version-history":[{"count":0,"href":"https:\/\/katedry.pf.jcu.cz\/kin\/wp-json\/wp\/v2\/pages\/341\/revisions"}],"wp:attachment":[{"href":"https:\/\/katedry.pf.jcu.cz\/kin\/wp-json\/wp\/v2\/media?parent=341"}],"curies":[{"name":"wp","href":"https:\/\/api.w.org\/{rel}","templated":true}]}}