

{"id":34,"date":"2017-10-22T07:21:49","date_gmt":"2017-10-22T07:21:49","guid":{"rendered":"http:\/\/katedry.pf.jcu.cz\/kin\/?page_id=34"},"modified":"2018-06-07T11:15:15","modified_gmt":"2018-06-07T10:15:15","slug":"o-katedre","status":"publish","type":"page","link":"https:\/\/katedry.pf.jcu.cz\/kin\/o-katedre\/","title":{"rendered":"O kated\u0159e"},"content":{"rendered":"<h2>\u010c\u00edm se zab\u00fdv\u00e1me<\/h2>\n<ul>\n<li>p\u0159ipravujeme <b>u\u010ditele informatiky<\/b>\u00a0na 2. stupni Z\u0160 v magistersk\u00fdch programech v kombinac\u00edch s matematikou, fyzikou, technickou v\u00fdchovou a dal\u0161\u00edmi p\u0159edm\u011bty.<\/li>\n<li>p\u0159ipravujeme <strong>IT odborn\u00edky<\/strong> v bakal\u00e1\u0159sk\u00e9m <strong>pedagogick\u00e9m<\/strong><b>\u00a0neu\u010ditelsk\u00e9m oboru<\/b> Informa\u010dn\u00ed technologie a e-learning<\/li>\n<li>p\u0159ipravujeme <strong>pedagogick\u00e9 v\u00fdzkumn\u00edky<\/strong> v <b>doktorsk\u00e9m <\/b>studijn\u00edm oboru Informa\u010dn\u00ed a komunika\u010dn\u00ed technologie ve vzd\u011bl\u00e1v\u00e1n\u00ed<\/li>\n<li>p\u0159ipravujeme budouc\u00ed <strong>u\u010ditele 1. stupn\u011b Z\u0160<\/strong> pro v\u00fduku p\u0159edm\u011btu <strong>informatika\/ICT<\/strong><\/li>\n<li>zabezpe\u010dujeme v\u00fduku digit\u00e1ln\u00edch technologi\u00ed pro v\u0161echny obory na Pedagogick\u00e9 fakult\u011b JU<\/li>\n<li>realizujeme studium v r\u00e1mci DVPP resp. C\u017dV <strong>pro u\u010ditele informatiky z praxe<\/strong> &#8211; informatika jako dal\u0161\u00ed aprobace nebo informatika pro v\u00fduku na S\u0160<\/li>\n<li>pravideln\u011b organizujeme jednodenn\u00ed tematick\u00e9 kurzy<b> Dal\u0161\u00edho vzd\u011bl\u00e1v\u00e1n\u00ed u\u010ditel\u016f informatiky<\/b><\/li>\n<li>organizujeme kombinovan\u00e9 t\u0159\u00edsemestrov\u00e9 studium pro <strong>ICT koordin\u00e1tory<\/strong> \u0161kol (studium lze hradit z tzv. &#8222;\u0160ablon&#8220;)<\/li>\n<li>realizujeme kr\u00e1tkodob\u00e9 8-16 hodinov\u00e9 specializovan\u00e9<strong> ICT kurzy v r\u00e1mci projektu &#8222;\u0160ablony<\/strong><b>&#8220;<br \/>\n<\/b><\/li>\n<li>realizujeme populariza\u010dn\u00ed akce pro podporu programov\u00e1n\u00ed, robotiky a autorsk\u00e9ho p\u0159\u00edstupu k technologi\u00edm<\/li>\n<\/ul>\n<p>&nbsp;<\/p>\n<h2>Odborn\u00e9 zam\u011b\u0159en\u00ed katedry<\/h2>\n<p>Zam\u011b\u0159en\u00ed katedry sm\u011b\u0159uje do oblasti <strong>didaktiky informatiky<\/strong>, konkr\u00e9tn\u011b didaktiky programov\u00e1n\u00ed, a\u00a0digit\u00e1ln\u00edch technologi\u00ed ve vzd\u011bl\u00e1v\u00e1n\u00ed. Jedn\u00e1 se zejm\u00e9na o:<\/p>\n<ul>\n<li>v\u00fdzkumy v oblasti e-bezpe\u010dnosti a digit\u00e1ln\u00edch kompetenc\u00ed soci\u00e1ln\u011b vylou\u010den\u00fdch osob<\/li>\n<li>v\u00fdzkum a v\u00fdvoj vzd\u011bl\u00e1vac\u00edho obsahu pro v\u00fduku informatiky a pro rozvoj informatick\u00e9ho my\u0161len\u00ed, konkr\u00e9tn\u011b situa\u010dn\u00edch informatick\u00fdch \u00faloh<\/li>\n<li>autorstv\u00ed \u0161koln\u00edch u\u010debnic informatiky pro z\u00e1kladn\u00ed a st\u0159edn\u00ed \u0161koly<\/li>\n<li>organizace a rozvoj celost\u00e1tn\u00ed informatick\u00e9 sout\u011b\u017ee\u00a0&#8222;Bob\u0159\u00edk informatiky&#8220; pro \u017e\u00e1ky Z\u0160 a S\u0160<\/li>\n<\/ul>\n","protected":false},"excerpt":{"rendered":"<p>\u010c\u00edm se zab\u00fdv\u00e1me p\u0159ipravujeme u\u010ditele informatiky\u00a0na 2. stupni Z\u0160 v magistersk\u00fdch programech v kombinac\u00edch s matematikou, fyzikou, technickou v\u00fdchovou a&#8230;<\/p>\n","protected":false},"author":8,"featured_media":0,"parent":0,"menu_order":0,"comment_status":"closed","ping_status":"closed","template":"","meta":{"footnotes":""},"class_list":["post-34","page","type-page","status-publish","hentry"],"_links":{"self":[{"href":"https:\/\/katedry.pf.jcu.cz\/kin\/wp-json\/wp\/v2\/pages\/34","targetHints":{"allow":["GET"]}}],"collection":[{"href":"https:\/\/katedry.pf.jcu.cz\/kin\/wp-json\/wp\/v2\/pages"}],"about":[{"href":"https:\/\/katedry.pf.jcu.cz\/kin\/wp-json\/wp\/v2\/types\/page"}],"author":[{"embeddable":true,"href":"https:\/\/katedry.pf.jcu.cz\/kin\/wp-json\/wp\/v2\/users\/8"}],"replies":[{"embeddable":true,"href":"https:\/\/katedry.pf.jcu.cz\/kin\/wp-json\/wp\/v2\/comments?post=34"}],"version-history":[{"count":0,"href":"https:\/\/katedry.pf.jcu.cz\/kin\/wp-json\/wp\/v2\/pages\/34\/revisions"}],"wp:attachment":[{"href":"https:\/\/katedry.pf.jcu.cz\/kin\/wp-json\/wp\/v2\/media?parent=34"}],"curies":[{"name":"wp","href":"https:\/\/api.w.org\/{rel}","templated":true}]}}