{"id":331,"date":"2018-02-26T21:39:05","date_gmt":"2018-02-26T20:39:05","guid":{"rendered":"http:\/\/katedry.pf.jcu.cz\/kin\/?page_id=331"},"modified":"2024-10-03T14:17:06","modified_gmt":"2024-10-03T13:17:06","slug":"celozivotni-vzdelavani","status":"publish","type":"page","link":"https:\/\/katedry.pf.jcu.cz\/kin\/celozivotni-vzdelavani\/","title":{"rendered":"Celo\u017eivotn\u00ed vzd\u011bl\u00e1v\u00e1n\u00ed"},"content":{"rendered":"<h2>Mo\u017enosti celo\u017eivotn\u00edho vzd\u011bl\u00e1v\u00e1n\u00ed u\u010ditel\u016f na kated\u0159e informatiky PF (C\u017dV, DVPP)<\/h2>\n<p><em>(Informace pro st\u00e1vaj\u00edc\u00ed studenty &#8211; na str\u00e1nce dole)<\/em><\/p>\n<p>&nbsp;<\/p>\n<p>Katedra informatiky nab\u00edz\u00ed <strong>tyto druhy \u0161kolen\u00ed a dal\u0161\u00edho vzd\u011bl\u00e1v\u00e1n\u00ed<\/strong> v r\u00e1mci C\u017dV:<\/p>\n<ol>\n<li><strong>Studium pro z\u00edsk\u00e1n\u00ed dal\u0161\u00ed aprobace<\/strong> &#8211; informatika pro 2. stupe\u0148 Z\u0160<br \/>\n(ur\u010deno u\u010ditel\u016fm 2. stupn\u011b Z\u0160)<\/li>\n<li><strong>Rigor\u00f3zn\u00ed \u0159\u00edzen\u00ed<\/strong><br \/>\n(mo\u017enost z\u00edsk\u00e1n\u00ed titulu PhDr. p\u0159ed jm\u00e9nem)<\/li>\n<li><strong>Specializovan\u00e9 ICT kurzy<\/strong> kr\u00e1tkodob\u00e9<br \/>\n(pou\u017eiteln\u00e9 na &#8222;\u0161ablony&#8220;, ur\u010deno u\u010ditelsk\u00e9 ve\u0159ejnosti, zvl\u00e1\u0161t\u011b u\u010ditel\u016fm informatiky)<\/li>\n<\/ol>\n<p>&nbsp;<\/p>\n<p><strong>Dal\u0161\u00ed informace<\/strong> ke v\u0161em vzd\u011bl\u00e1vac\u00edm aktivit\u00e1m v r\u00e1mci C\u017dV a ICT z\u00edsk\u00e1te u garanta a metodika C\u017dV kurz\u016f katedry informatiky PF JU <a title=\"pexa@pf.jcu.cz\" href=\"http:\/\/katedry.pf.jcu.cz\/kin\/clen\/paeddr-petr-pexa-ph-d\/\">PaedDr. Petra Pexy, Ph.D.<\/a> nebo na str\u00e1nk\u00e1ch\u00a0<a href=\"http:\/\/www.pf.jcu.cz\/education\/department\/czv\/\">Centra DVPP PF JU<\/a>.<\/p>\n<p>&nbsp;<\/p>\n<h2>1. Studium u\u010ditelstv\u00ed informatiky na Z\u0160 jako dal\u0161\u00ed aprobace<\/h2>\n<p>Akreditovan\u00e9 studium k roz\u0161\u00ed\u0159en\u00ed odborn\u00e9 kvalifikace podle \u00a7 6 odst. b) vyhl\u00e1\u0161ky \u010d. 317\/2005 Sb. o dal\u0161\u00edm<br \/>\nvzd\u011bl\u00e1v\u00e1n\u00ed pedagogick\u00fdch pracovn\u00edk\u016f, akredita\u010dn\u00ed komisi a kari\u00e9rn\u00edm syst\u00e9mu pedagogick\u00fdch pracovn\u00edk\u016f, ve zn\u011bn\u00ed pozd\u011bj\u0161\u00edch p\u0159edpis\u016f. Jedn\u00e1 se o studium <strong>ur\u010den\u00e9 u\u010ditel\u016fm 2. stupn\u011b z\u00e1kladn\u00ed \u0161koly<\/strong> (magistersk\u00fdch studijn\u00edch program\u016f u\u010ditelsk\u00fdch obor\u016f nebo pro absolventy magistersk\u00e9ho studia neu\u010ditelsk\u00e9ho zam\u011b\u0159en\u00ed dopln\u011bn\u00e9ho o studium pedagogiky podle \u00a722 odst. 1 p\u00edsm. A) z\u00e1kona \u010d. 563\/2005 Sb.), kter\u00e9 vede k z\u00edsk\u00e1n\u00ed kvalifikace u\u010dit dal\u0161\u00ed p\u0159edm\u011bt &#8211; informatiku na 2. stupni Z\u0160.<\/p>\n<p>Kombinovan\u00e9 \u010dty\u0159semestrov\u00e9 studium s e-learningovou podporou. Student absolvuje standardn\u00ed p\u0159edm\u011bty vysoko\u0161kolsk\u00e9 p\u0159\u00edpravy u\u010ditel\u016f. Pr\u016fb\u011b\u017en\u00e9 hodnocen\u00ed: na konci ka\u017ed\u00e9ho p\u0159edm\u011btu vykon\u00e1 student d\u00edl\u010d\u00ed zkou\u0161ky z jednotliv\u00fdch p\u0159edm\u011bt\u016f. Tyto zkou\u0161ky budou prob\u00edhat bu\u010f \u00fastn\u00ed formou, formou testu nebo vypracov\u00e1n\u00edm semin\u00e1rn\u00ed pr\u00e1ce a spln\u011bn\u00edm dal\u0161\u00edch d\u00edl\u010d\u00edch praktick\u00fdch \u00faloh v e-learningov\u00e9m prost\u0159ed\u00ed. Ukon\u010den\u00ed studia: cel\u00e9 studium je po \u00fasp\u011b\u0161n\u00e9m slo\u017een\u00ed posledn\u00ed zkou\u0161ky zakon\u010deno z\u00e1v\u011bre\u010dnou \u00fastn\u00ed zkou\u0161kou p\u0159ed komis\u00ed. Po slo\u017een\u00ed z\u00e1v\u011bre\u010dn\u00e9 zkou\u0161ky z\u00edsk\u00e1 absolvent osv\u011bd\u010den\u00ed.<\/p>\n<ul>\n<li>Studium je placen\u00e9 \u010d\u00e1stkou 9500,- \/ semestr<\/li>\n<li><a href=\"https:\/\/katedry.pf.jcu.cz\/kin\/wp-content\/uploads\/2023\/08\/Obsah-studia-C\u017dV-Z\u0160-2023.pdf\">Program a obsah studia (od r. 2023)<\/a><\/li>\n<li>V\u00edce organiza\u010dn\u00edch informac\u00ed na <a href=\"http:\/\/www.pf.jcu.cz\/structure\/other_departments\/czv\/\">str\u00e1nk\u00e1ch Centra DVPP PF JU<\/a><\/li>\n<\/ul>\n<p>&nbsp;<\/p>\n<h2>2. Rigor\u00f3zn\u00ed \u0159\u00edzen\u00ed (PhDr.)<\/h2>\n<ul>\n<li><a href=\"http:\/\/katedry.pf.jcu.cz\/kin\/studijni-obory\/rigorozni-zkouska\/\">V\u00edce informac\u00ed<\/a><\/li>\n<\/ul>\n<h1><\/h1>\n<h2>3. Kr\u00e1tkodob\u00e9 specializovan\u00e9 kurzy<\/h2>\n<p>Nab\u00edz\u00edme akreditovan\u00e9 kurzy s blokovou prezen\u010dn\u00ed v\u00fdukou 8, 16 a 24 hodin (podle typu kurzu) a s e-learningovou podporou nebo v online verzi (seznam n\u00ed\u017ee).<\/p>\n<ul>\n<li>Cena: 1600,- resp. 2750,- K\u010d \/ 1 kurz podle jeho d\u00e9lky (<b>kurzy je mo\u017en\u00e9 hradit i z tzv. <a href=\"http:\/\/www.msmt.cz\/strukturalni-fondy-1\/vyzvy-c-02-18-063-a-02-18-064-sablony-ii\" target=\"_blank\" rel=\"noopener\">\u0160ablon<\/a><\/b>)<\/li>\n<li>Akreditace M\u0160MT \u010c.j.: MSMT- 427\/2021-4-62<\/li>\n<li><strong>Kurzy jsou akreditov\u00e1ny i ve form\u011b odborn\u00fdch webin\u00e1\u0159\u016f, tedy pro online realizaci.<\/strong><\/li>\n<li>P\u0159ihl\u00e1\u0161ky je mo\u017en\u00e9 zas\u00edlat pr\u016fb\u011b\u017en\u011b cel\u00fd rok, <b>kurz bude otev\u0159en p\u0159i minim. po\u010dtu 10 p\u0159ihl\u00e1\u0161ek<\/b><\/li>\n<li>Absolventi v\u0161ech kurz\u016f z\u00edsk\u00e1vaj\u00ed osv\u011bd\u010den\u00ed<\/li>\n<li>Kurzy prob\u00edhaj\u00ed v\u011bt\u0161inou v <strong>sobotu od 9:00<\/strong> v po\u010d\u00edta\u010dov\u00fdch u\u010debn\u00e1ch budovy PF JU, Jeron\u00fdmova 10, \u010c. Bud\u011bjovice (cca 5 minut od hlavn\u00edho n\u00e1dra\u017e\u00ed u Prioru)<\/li>\n<li><b> Po domluv\u011b lze kurz uspo\u0159\u00e1dat na va\u0161\u00ed \u0161kole, pokud budou z\u00e1jemci z jedn\u00e9 \u0161koly \u010di ze \u0161kol v obci \u010di m\u011bst\u011b. Lektor po domluv\u011b p\u0159ijede za \u00fa\u010dastn\u00edky.<\/b><\/li>\n<li>Nab\u00edzen\u00e9 kurzy jsou v souladu s \u00a0<strong><a href=\"https:\/\/revize.edu.cz\/\">nov\u00fdm RVP pro vzd\u011bl\u00e1vac\u00ed oblast Informatika<\/a><\/strong>\u00a0a s Evropsk\u00fdm r\u00e1mcem digit\u00e1ln\u00edch kompetenc\u00ed pedagog\u016f <a href=\"https:\/\/clanky.rvp.cz\/wp-content\/upload\/prilohy\/21855\/digitalni_kompetence_pedagogu_digcompedu.pdf\">DigCompEdu<\/a>.<\/li>\n<li><a href=\"https:\/\/katedry.pf.jcu.cz\/kin\/wp-content\/uploads\/2019\/11\/Kr\u00e1tk\u00e9-web.pdf\">Anotace a podrobn\u00fd obsah v\u0161ech kurz\u016f<\/a><\/li>\n<\/ul>\n<p><b>\u00a0 <\/b>Pokud se chcete do jednotliv\u00fdch kr\u00e1tkodob\u00fdch kurz\u016f p\u0159ihl\u00e1sit, kontaktujte\u00a0<a href=\"http:\/\/www.pf.jcu.cz\/education\/department\/czv\/\">Centrum DVPP PF JU<\/a>. V p\u0159ihl\u00e1\u0161ce uve\u010fte titul, jm\u00e9no, p\u0159\u00edjmen\u00ed, datum a m\u00edsto narozen\u00ed (pro \u00fa\u010dely vystaven\u00ed certifik\u00e1tu), adresu zam\u011bstnavatele (\u0161koly) a platn\u00fd e-mail. O p\u0159esn\u00e9m term\u00ednu a m\u00edst\u011b kon\u00e1n\u00ed kurzu budete v\u010das informov\u00e1ni e-mailem v z\u00e1vislosti na po\u010dtu z\u00e1vazn\u00fdch p\u0159ihl\u00e1\u0161ek.<\/p>\n<h4>a) Odborn\u00e9 kurzy pro u\u010ditele informatiky na M\u0160, Z\u0160 a S\u0160 (v souvislosti s <a href=\"https:\/\/revize.edu.cz\/\">nov\u00fdm RVP pro v\u00fduku informatiky<\/a>):<\/h4>\n<ol>\n<li>Digit\u00e1ln\u00ed technologie v mate\u0159sk\u00e9 \u0161kole (8 hodin)<\/li>\n<li>Informatika bez po\u010d\u00edta\u010de a robotika na 1. stupni Z\u0160 (8 hodin)<\/li>\n<li>Jak u\u010dit programov\u00e1n\u00ed na 1. stupni Z\u0160 (8 hodin)<\/li>\n<li>Z\u00e1klady programov\u00e1n\u00ed na 1. stupni Z\u0160 (8 hodin)<\/li>\n<li>Informatika bez po\u010d\u00edta\u010de a robotika na 2. stupni Z\u0160 (8 hodin)<\/li>\n<li>Jak u\u010dit programov\u00e1n\u00ed na 2. stupni Z\u0160 (8 hodin)<\/li>\n<li>Programov\u00e1n\u00ed v jazyce Scratch na 2. stupni Z\u0160 (8 hodin)<\/li>\n<li>Programov\u00e1n\u00ed v jazyce Python &#8211; za\u010d\u00e1te\u010dn\u00edci (16 hodin, pro u\u010ditele ICT na S\u0160)<\/li>\n<li>Programov\u00e1n\u00ed v jazyce Python &#8211; m\u00edrn\u011b pokro\u010dil\u00ed (16 hodin, pro u\u010ditele ICT na S\u0160)<\/li>\n<li>Programov\u00e1n\u00ed jednodeskov\u00fdch po\u010d\u00edta\u010d\u016f (8 hodin)<\/li>\n<li>Tvorba webov\u00fdch str\u00e1nek pro za\u010d\u00e1te\u010dn\u00edky (redak\u010dn\u00ed syst\u00e9my, z\u00e1klady HTML &#8211; 8 hodin)<\/li>\n<li>Tvorba webov\u00fdch str\u00e1nek pro pokro\u010dil\u00e9 (HTML5, CSS3, responzivita &#8211; 8 hodin)<\/li>\n<li>\u00davod do programov\u00e1n\u00ed v JavaScriptu (16 hodin)<\/li>\n<li>Tvorba webov\u00fdch aplikac\u00ed v PHP (16 hodin)<\/li>\n<\/ol>\n<ul>\n<li><strong>Kurzy jsou akreditov\u00e1ny i ve form\u011b odborn\u00fdch webin\u00e1\u0159\u016f, tedy pro on-line realizaci.<\/strong><\/li>\n<li><a href=\"https:\/\/katedry.pf.jcu.cz\/kin\/wp-content\/uploads\/2019\/11\/Kr\u00e1tk\u00e9-web.pdf\">Anotace a podrobn\u00fd obsah v\u0161ech kurz\u016f<\/a><\/li>\n<\/ul>\n<h4><\/h4>\n<h4>b) U\u017eivatelsk\u00e9 ICT kurzy pro v\u0161echny u\u010ditele v r\u00e1mci digit\u00e1ln\u00ed gramotnosti (v souvislosti s <a href=\"https:\/\/clanky.rvp.cz\/wp-content\/upload\/prilohy\/21855\/digitalni_kompetence_pedagogu_digcompedu.pdf\">DigCompEdu<\/a>):<\/h4>\n<ol>\n<li>Interaktivn\u00ed technologie ve v\u00fduce a tvorba \u017e\u00e1kovsk\u00fdch aktivit (8 hodin)<\/li>\n<li>Distan\u010dn\u00ed v\u00fduka a t\u00fdmov\u00e1 spolupr\u00e1ce v MS Teams (8 hodin)<\/li>\n<li>Tvorba webov\u00fdch str\u00e1nek pro za\u010d\u00e1te\u010dn\u00edky (redak\u010dn\u00ed syst\u00e9my, z\u00e1klady HTML &#8211; 8 hodin)<\/li>\n<li>Zpracov\u00e1n\u00ed digit\u00e1ln\u00ed fotografie (8 hodin)<\/li>\n<li>Bezpe\u010dnost na internetu (8 hodin)<\/li>\n<li>Metodologie tvorby e-learningov\u00fdch kurz\u016f (8 hodin)<\/li>\n<li>Efektivn\u00ed pr\u00e1ce s\u00a0textem v\u00a0textov\u00e9m editoru (8 hodin)<\/li>\n<li>Tabulkov\u00fd kalkul\u00e1tor efektivn\u011b (8 hodin)<\/li>\n<li>Tabulkov\u00fd kalkul\u00e1tor nejenom pro v\u011b\u010dn\u00e9 za\u010d\u00e1te\u010dn\u00edky (16 hodin)<\/li>\n<li>Datab\u00e1ze pro ka\u017ed\u00e9ho (16 hodin)<\/li>\n<li>Po\u010d\u00edta\u010dov\u00e1 prezentace (8 hodin)<\/li>\n<li>3D modelov\u00e1n\u00ed a 3D tisk (8 hodin)<\/li>\n<li>ICT gramotnost I &#8211; zpracov\u00e1n\u00ed el. textu, v\u00fdpo\u010dty v tabulkov\u00e9m procesoru a tvorba prezentac\u00ed (24 hodin)<\/li>\n<li>ICT gramotnost II &#8211; tvorba webov\u00e9 str\u00e1nky, grafika a digit\u00e1ln\u00ed fotografie, z\u00e1klady algoritmizace a programov\u00e1n\u00ed (24 hodin)<\/li>\n<\/ol>\n<ul>\n<li><strong>Kurzy jsou akreditov\u00e1ny i ve form\u011b odborn\u00fdch webin\u00e1\u0159\u016f, tedy pro on-line realizaci.<\/strong><\/li>\n<li><a href=\"https:\/\/katedry.pf.jcu.cz\/kin\/wp-content\/uploads\/2019\/11\/Kr\u00e1tk\u00e9-web.pdf\">Anotace a podrobn\u00fd obsah v\u0161ech kurz\u016f<\/a><\/li>\n<\/ul>\n<h2><\/h2>\n<h2>\u00a0Pro studenty studia roz\u0161\u00ed\u0159en\u00ed aprobace o informatiku na 2. stupni Z\u0160<\/h2>\n<ul>\n<li><a href=\"https:\/\/katedry.pf.jcu.cz\/kin\/wp-content\/uploads\/2021\/09\/Obsah-studia-C\u017dV-Z\u0160-2021.pdf\">Program a obsah studia do r. 2022 &#8211; pro sou\u010dasn\u00e9 studuj\u00edc\u00ed<\/a><\/li>\n<li>Sm\u011brnice vedouc\u00edho katedry\u00a0<span style=\"font-size: 12pt;\">k\u00a0z\u00e1v\u011bre\u010dn\u00e9 zkou\u0161ce celo\u017eivotn\u00edho vzd\u011bl\u00e1v\u00e1n\u00ed (C\u017dV) na kated\u0159e informatiky. Podle t\u00e9to sm\u011brnice se \u0159\u00edd\u00ed z\u00e1v\u011bre\u010dn\u00e1 zkou\u0161ka k zakon\u010den\u00ed studia.\u00a0<\/span>Sm\u011brnici si st\u00e1hn\u011bte n\u00ed\u017ee.<\/li>\n<\/ul>\n","protected":false},"excerpt":{"rendered":"<p>Mo\u017enosti celo\u017eivotn\u00edho vzd\u011bl\u00e1v\u00e1n\u00ed u\u010ditel\u016f na kated\u0159e informatiky PF (C\u017dV, DVPP) (Informace pro st\u00e1vaj\u00edc\u00ed studenty &#8211; na str\u00e1nce dole) &nbsp; Katedra&#8230;<\/p>\n","protected":false},"author":10,"featured_media":0,"parent":0,"menu_order":0,"comment_status":"closed","ping_status":"closed","template":"","meta":{"footnotes":""},"class_list":["post-331","page","type-page","status-publish","hentry"],"_links":{"self":[{"href":"https:\/\/katedry.pf.jcu.cz\/kin\/wp-json\/wp\/v2\/pages\/331","targetHints":{"allow":["GET"]}}],"collection":[{"href":"https:\/\/katedry.pf.jcu.cz\/kin\/wp-json\/wp\/v2\/pages"}],"about":[{"href":"https:\/\/katedry.pf.jcu.cz\/kin\/wp-json\/wp\/v2\/types\/page"}],"author":[{"embeddable":true,"href":"https:\/\/katedry.pf.jcu.cz\/kin\/wp-json\/wp\/v2\/users\/10"}],"replies":[{"embeddable":true,"href":"https:\/\/katedry.pf.jcu.cz\/kin\/wp-json\/wp\/v2\/comments?post=331"}],"version-history":[{"count":0,"href":"https:\/\/katedry.pf.jcu.cz\/kin\/wp-json\/wp\/v2\/pages\/331\/revisions"}],"wp:attachment":[{"href":"https:\/\/katedry.pf.jcu.cz\/kin\/wp-json\/wp\/v2\/media?parent=331"}],"curies":[{"name":"wp","href":"https:\/\/api.w.org\/{rel}","templated":true}]}}