{"id":329,"date":"2018-02-26T21:37:22","date_gmt":"2018-02-26T20:37:22","guid":{"rendered":"http:\/\/katedry.pf.jcu.cz\/kin\/?page_id=329"},"modified":"2026-03-10T11:28:46","modified_gmt":"2026-03-10T10:28:46","slug":"studentske-praxe","status":"publish","type":"page","link":"https:\/\/katedry.pf.jcu.cz\/kin\/studentske-praxe\/","title":{"rendered":"Studentsk\u00e9 praxe"},"content":{"rendered":"<p>Garant prax\u00ed &#8211; <a href=\"http:\/\/katedry.pf.jcu.cz\/kin\/clen\/paeddr-petr-pexa-ph-d\/\"> PaedDr. Petr Pexa, Ph.D.<br \/>\n<\/a><\/p>\n<p><strong>Pr\u016fb\u011b\u017en\u011b sledujte aktu\u00e1ln\u00ed informace k term\u00edn\u016fm prax\u00ed<a href=\"http:\/\/katedry.pf.jcu.cz\/kin\/studentske-praxe\/prubezne-praxe-terminy\/\"> na str\u00e1nce pr\u016fb\u011b\u017en\u00fdch prax\u00ed<\/a> a <a href=\"https:\/\/twitter.com\/KIN_PF_JU\">@KIN_PF_JU<\/a>!<\/strong><\/p>\n<p><strong>Povinn\u00e9 poji\u0161t\u011bn\u00ed praxe! <\/strong>Na v\u0161echny typy prax\u00ed (asistentsk\u00e9, ter\u00e9nn\u00ed, pr\u016fb\u011b\u017en\u00e9 i souvisl\u00e9) je nutn\u00e9 m\u00edt od studijn\u00edho roku 2019\/2020 uzav\u0159en\u00e9 poji\u0161t\u011bn\u00ed odpov\u011bdnosti za \u00fajmu. Poji\u0161t\u011bn\u00ed zajist\u00ed i fakulta za 260 K\u010d\/rok, v\u00edce informac\u00ed je na\u00a0<a href=\"https:\/\/intranet.pf.jcu.cz\/praxe\/pojisteni\/\">https:\/\/www.pf.jcu.cz\/education\/department\/praxe\/pojisteni.php<\/a>.<\/p>\n<p>&nbsp;<\/p>\n<p>Studentsk\u00e9 praxe na kated\u0159e informatiky prob\u00edhaj\u00ed v n\u00e1sleduj\u00edc\u00edch p\u0159edm\u011btech:<\/p>\n<p>&nbsp;<\/p>\n<h2>1. Pr\u016fb\u011b\u017en\u00e1 pedagogick\u00e1 praxe pro navazuj\u00edc\u00ed u\u010ditelsk\u00e9 studium (KIN\/0PRP)<\/h2>\n<ul>\n<li><strong> Charakteristika:<\/strong> studenti nav\u0161t\u011bvuj\u00ed b\u011bhem semestru ve skupin\u00e1ch fakultn\u00ed z\u00e1kladn\u00ed \u0161kolu, kde prov\u00e1d\u011bj\u00ed n\u00e1slechy a ka\u017ed\u00fd student n\u011bkolikr\u00e1t za semestr odu\u010d\u00ed svou vlastn\u00ed hodinu pod dohledem metodika fakulty a uv\u00e1d\u011bj\u00edc\u00edho u\u010ditele na \u0161kole. Po n\u00e1slechu (v\u00fdstupu) n\u00e1sleduje rozbor hodiny. P\u0159edm\u011bt je rozvrhov\u00e1n 2 hodinami t\u00fddn\u011b.<\/li>\n<li><strong> Z\u00e1pis: <\/strong>student si zapisuje pr\u016fb\u011b\u017enou praxi KIN\/0PRP resp. NPPZ v 1. ro\u010dn\u00edku navazuj\u00edc\u00edho studia v zimn\u00edm nebo letn\u00edm semestru podle studovan\u00e9ho oboru.<\/li>\n<li><strong>Podmi\u0148uj\u00edc\u00edm p\u0159edm\u011btem pr\u016fb\u011b\u017en\u00e9 praxe KIN\/0PRP resp. NPPZ je <\/strong>Didaktika informatiky I.<\/li>\n<li><strong>Poji\u0161t\u011bn\u00ed praxe<\/strong> &#8211; na tuto praxi je nutn\u00e9 m\u00edt uzav\u0159en\u00e9 poji\u0161t\u011bn\u00ed odpov\u011bdnosti za \u00fajmu, v\u00edce informac\u00ed na <a href=\"https:\/\/intranet.pf.jcu.cz\/praxe\/pojisteni\/\">https:\/\/www.pf.jcu.cz\/education\/department\/praxe\/pojisteni.php<\/a>.<\/li>\n<li><a href=\"http:\/\/katedry.pf.jcu.cz\/kin\/studentske-praxe\/prubezne-praxe-terminy\/\">V\u00edce informac\u00ed k pr\u016fb\u011b\u017en\u00e9 praxi, term\u00edny<br \/>\n<\/a><\/li>\n<\/ul>\n<p>&nbsp;<\/p>\n<h2>2. Souvisl\u00e1 pedagogick\u00e1 praxe pro navazuj\u00edc\u00ed u\u010ditelsk\u00e9 studium\u00a0(KIN\/0SRP)<\/h2>\n<ul>\n<li><strong> Charakteristika:<\/strong> student se \u00fa\u010dastn\u00ed po dobu 4 t\u00fddn\u016f \u017eivota na zvolen\u00e9 z\u00e1kladn\u00ed \u0161kole v roli u\u010ditele &#8211; zde u\u010d\u00ed (24 hodin) a kon\u00e1 n\u00e1slechy (12). M\u00e1 pro ka\u017ed\u00fd obor na t\u00e9to \u0161kole stanoven\u00e9ho tzv. prov\u00e1zej\u00edc\u00edho u\u010ditele. \u0160kolu si student zvol\u00ed s\u00e1m, mus\u00ed b\u00fdt v\u0161ak schv\u00e1lena metodikem praxe, kter\u00fd m\u016f\u017ee pomoci praxi zajistit na fakultn\u00edch \u0161kol\u00e1ch v \u010c. Bud\u011bjovic\u00edch.<\/li>\n<li><strong> Z\u00e1pis:<\/strong> Praxi m\u016f\u017ee student vykonat teprve po absolvov\u00e1n\u00ed praxe pr\u016fb\u011b\u017en\u00e9 KIN\/0PRP.<\/li>\n<li>Souvisl\u00e1 praxe je centr\u00e1ln\u011b organizov\u00e1na a administrov\u00e1na <a href=\"https:\/\/www.pf.jcu.cz\/cz\/fakulta\/ostatni-pracoviste\/oddeleni-pedagogicke-praxe\">Odd\u011blen\u00edm pedagogick\u00fdch prax\u00ed PF JU<\/a>.<\/li>\n<li><strong>Poji\u0161t\u011bn\u00ed praxe<\/strong> &#8211; na tuto praxi je nutn\u00e9 m\u00edt uzav\u0159en\u00e9 poji\u0161t\u011bn\u00ed odpov\u011bdnosti za \u00fajmu, v\u00edce informac\u00ed na <a href=\"https:\/\/intranet.pf.jcu.cz\/praxe\/pojisteni\/\">https:\/\/www.pf.jcu.cz\/education\/department\/praxe\/pojisteni.php<\/a>.<\/li>\n<li><a href=\"https:\/\/www.pf.jcu.cz\/cz\/studium\/pedagogicka-praxe\/informace-k-pedagogicke-praxi\">V\u00edce informac\u00ed k t\u00e9to souvisl\u00e9 praxi<\/a> na str\u00e1nce Odd\u011blen\u00ed prax\u00ed PF JU.<\/li>\n<\/ul>\n<h3>Nov\u00e9 &#8211; portfolio prax\u00ed ke st\u00e1tn\u00edm z\u00e1v\u011bre\u010dn\u00fdm zkou\u0161k\u00e1m v navazuj\u00edc\u00edm studiu<\/h3>\n<ul>\n<li>Od ak. roku 2017\/2018 p\u0159edkl\u00e1d\u00e1 <strong>student navazuj\u00edc\u00edho magistersk\u00e9ho studia<\/strong> ke st\u00e1tn\u00edm z\u00e1v\u011bre\u010dn\u00fdm zkou\u0161k\u00e1m v ti\u0161t\u011bn\u00e9 podob\u011b portfolio z p\u0159\u00edprav ze sv\u00e9 pr\u016fb\u011b\u017en\u00e9 a souvisl\u00e9 pedagogick\u00e9 praxe z informatiky.<\/li>\n<li>Portfolio mus\u00ed obsahovat (v\u00fdb\u011br ze Sm\u011brnice vedouc\u00edho katedry informatiky \u010d. 1\/2017 ke st\u00e1tn\u00edm z\u00e1v\u011bre\u010dn\u00fdm zkou\u0161k\u00e1m):\n<ul>\n<li>\u00davodn\u00ed stranu.<\/li>\n<li>P\u0159ehled materi\u00e1l\u016f, zahrnut\u00fdch v portfoliu.<\/li>\n<li>P\u0159ehled absolvovan\u00e9 praxe (po\u010dty hodin, \u0161kola, t\u00e9mata odu\u010den\u00fdch hodin, p\u0159\u00edpravy).<\/li>\n<li>Portfolio m\u016f\u017ee obsahovat p\u0159ehled mimo\u0161koln\u00ed pedagogick\u00e9 \u010dinnosti, seznam \u010di doklady o absolvov\u00e1n\u00ed kurz\u016f, workshop\u016f, populariza\u010dn\u00edch akc\u00ed, t\u00fdkaj\u00edc\u00edch se vzd\u011bl\u00e1v\u00e1n\u00ed obecn\u011b a v\u00fduky informatiky. M\u016f\u017ee zahrnovat dal\u0161\u00ed materi\u00e1ly, kter\u00e9 dokl\u00e1daj\u00ed studentovu aktivn\u00ed \u010dinnost v t\u00e9to oblasti.<\/li>\n<\/ul>\n<\/li>\n<li>Portfolio m\u016f\u017ee b\u00fdt pou\u017eito ke konkretizaci ot\u00e1zky z didaktiky informatiky nebo k dotazu ze strany komise p\u0159i zkou\u0161en\u00ed.<\/li>\n<li>Kompletn\u00ed <a href=\"http:\/\/katedry.pf.jcu.cz\/kin\/wp-content\/uploads\/2018\/02\/smernice-vedouciho-kin-2017-1.pdf\">Sm\u011brnice vedouc\u00edho katedry<\/a> informatiky \u010d. 1\/2017 ke st\u00e1tn\u00edm z\u00e1v\u011bre\u010dn\u00fdm zkou\u0161k\u00e1m.<\/li>\n<\/ul>\n<p>&nbsp;<\/p>\n<h2>3. Asistentsk\u00e1 pedagogick\u00e1 praxe pro u\u010ditelsk\u00e9 studium (KIN\/7XA, 0IAP, 0XA)<\/h2>\n<ul>\n<li><strong> Charakteristika:<\/strong> student individu\u00e1ln\u011b nav\u0161t\u011bvuje zvolenou z\u00e1kladn\u00ed \u0161kolu (nebo ni\u017e\u0161\u00ed stupn\u011b v\u00edcelet\u00e9ho gymn\u00e1zia), kde slou\u017e\u00ed jako asistent u\u010diteli. Pom\u00e1h\u00e1 p\u0159i v\u00fduce a p\u0159\u00edprav\u011b na v\u00fduku, pom\u00e1h\u00e1 s provozem u\u010debny &#8211; podle pot\u0159eby u\u010ditele, jeho\u017e je asistentem. D\u00e9lka praxe zhruba odpov\u00edd\u00e1 2 hodin\u00e1m t\u00fddn\u011b po dobu semestru pro KIN\/7XA a KIN\/0XA a\u00a0 4 hodin\u00e1m t\u00fddn\u011b pro KIN\/0IAP. Je mo\u017eno si ji zapsat ji\u017e od 1. ro\u010dn\u00edku!<\/li>\n<li><strong>Nejedn\u00e1 se o praxi pedagogickou, student tedy nemus\u00ed u\u010dit<\/strong>, ale v p\u0159\u00edpad\u011b pot\u0159eby m\u016f\u017ee.<\/li>\n<li>Jako asistentskou praxi je mo\u017en\u00e9 uznat i dlouhodobou v\u00fduku informatiky na zvolen\u00e9 \u0161kole (nap\u0159. jako suplov\u00e1n\u00ed \u010di z\u00e1skok za mate\u0159skou).<\/li>\n<li><strong> Z\u00e1pis:<\/strong> student si nejprve mus\u00ed praxi domluvit &#8211; sehnat \u0161kolu a dobr\u00e9ho u\u010ditele informatiky, u n\u011bho\u017e by praxi vykonal. Je vy\u017eadov\u00e1n p\u0159edchoz\u00ed souhlas u\u010ditele, \u017ee se tak se studentem dohodl (<strong>viz formul\u00e1\u0159 n\u00ed\u017ee<\/strong>). Metodik katedry pot\u00e9 n\u00e1vrh praxe schvaluje. Zapsat si lze asistentskou praxi v kter\u00e9mkoliv ro\u010dn\u00edku, lze ji absolvovat b\u011bhem cel\u00e9ho studia dvakr\u00e1t (jednou v bc. studiu, podruh\u00e9 v navazuj\u00edc\u00edm studiu).<\/li>\n<li><strong>Poji\u0161t\u011bn\u00ed praxe<\/strong> &#8211; na tuto praxi je nutn\u00e9 m\u00edt uzav\u0159en\u00e9 poji\u0161t\u011bn\u00ed odpov\u011bdnosti za \u00fajmu, v\u00edce informac\u00ed na <a href=\"https:\/\/intranet.pf.jcu.cz\/praxe\/pojisteni\/\">https:\/\/www.pf.jcu.cz\/education\/department\/praxe\/pojisteni.php<\/a>.<\/li>\n<li><strong>Po\u017eadavky na ud\u011blen\u00ed z\u00e1po\u010dtu<\/strong>:\n<ul>\n<li>p\u00edsemn\u00e9 potvrzen\u00ed podepsan\u00e9 u\u010ditelem a opat\u0159en\u00e9 raz\u00edtkem \u0161koly, \u017ee student praxi absolvoval (viz formul\u00e1\u0159 n\u00ed\u017ee).<\/li>\n<li>p\u0159edlo\u017een\u00ed den\u00edku praxe, tedy textov\u00e9ho dokumentu \u010di tabulky, obsahuj\u00edc\u00edho v\u00fdpis n\u00e1v\u0161t\u011bv (datum, \u010das n\u00e1v\u0161t\u011bv a obsah \u010dinnosti).<\/li>\n<li><a href=\"http:\/\/katedry.pf.jcu.cz\/kin\/wp-content\/uploads\/2018\/02\/asistpraxe.doc\">Formul\u00e1\u0159 pro potvrzen\u00ed asistentsk\u00e9 praxe<\/a>\u00a0(v Chrome stahujte p\u0159es pravou my\u0161 a Ulo\u017eit odkaz)<\/li>\n<\/ul>\n<\/li>\n<\/ul>\n<p>&nbsp;<\/p>\n<h2>4. Oborov\u00e1 asistentsk\u00e1 reflektovan\u00e1 praxe pro bc. u\u010ditelsk\u00e9 studium (7OAP)<\/h2>\n<ul>\n<li><strong> Charakteristika:<\/strong> praxe prob\u00edh\u00e1 spole\u010dn\u011b na fakultn\u00edch \u0161kol\u00e1ch v \u010cesk\u00fdch Bud\u011bjovic\u00edch, studenti nav\u0161t\u011bvuj\u00ed \u0161kolu b\u011bhem semestru ve skupin\u00e1ch. Obsahem praxe jsou p\u0159edev\u0161\u00edm n\u00e1slechy a pozorov\u00e1n\u00ed ve v\u00fduce, asistentsk\u00e9 \u010dinnosti ve vztahu k \u017e\u00e1kovi \u010di pedagogovi (p\u0159\u00edprava pom\u016fcek, instalace a \u00fadr\u017eba software na po\u010d. u\u010debn\u011b, opravov\u00e1n\u00ed p\u00edsemn\u00fdch prac\u00ed, p\u0159\u00edprava skup. vyu\u010dov\u00e1n\u00ed, projekt\u016f aj., individu\u00e1ln\u00ed pr\u00e1ce se \u017e\u00e1ky v\u010detn\u011b dou\u010dov\u00e1n\u00ed aj.).<br \/>\nStudentovi je takto umo\u017en\u011bno pozn\u00e1vat r\u016fzn\u00e9 typy \u017e\u00e1k\u016f se speci\u00e1ln\u00edmi vzd\u011bl\u00e1vac\u00edmi pot\u0159ebami v b\u011b\u017en\u00e9 t\u0159\u00edd\u011b &#8211; nap\u0159. \u017e\u00e1ky s poruchami u\u010den\u00ed, s ADHD, s poruchami autistick\u00e9ho spektra, \u017e\u00e1ky ze znev\u00fdhodn\u011bn\u00e9ho soci\u00e1ln\u00edho prost\u0159ed\u00ed, \u017e\u00e1ky nadan\u00e9, \u017e\u00e1ky-cizince apod. Z\u00e1rove\u0148 se studenti mohou pod\u00edlet na pr\u00e1ci asistenta u\u010ditele.<\/li>\n<li><strong>Nejedn\u00e1 se o praxi pedagogickou, student tedy nemus\u00ed u\u010dit<\/strong>, ale v p\u0159\u00edpad\u011b pot\u0159eby m\u016f\u017ee.<\/li>\n<li><strong>Poji\u0161t\u011bn\u00ed praxe<\/strong> &#8211; na tuto praxi je nutn\u00e9 m\u00edt uzav\u0159en\u00e9 poji\u0161t\u011bn\u00ed odpov\u011bdnosti za \u00fajmu, v\u00edce informac\u00ed na <a href=\"https:\/\/intranet.pf.jcu.cz\/praxe\/pojisteni\/\">https:\/\/www.pf.jcu.cz\/education\/department\/praxe\/pojisteni.php<\/a>.<\/li>\n<\/ul>\n<p>&nbsp;<\/p>\n<h2>5. Ter\u00e9nn\u00ed praxe pro bc. u\u010ditelsk\u00e9 studium (KIN\/7XT)<\/h2>\n<ul>\n<li><strong> Charakteristika:<\/strong> Ter\u00e9nn\u00ed praxi je mo\u017eno konat na \u0161kol\u00e1ch nebo ve vzd\u011bl\u00e1vac\u00edch instituc\u00edch slu\u017eeb formou pravideln\u00e9 doch\u00e1zky ka\u017ed\u00fd t\u00fdden, formou projektu nebo bloku v\u00fduky, podle pot\u0159eb v\u00fdchovn\u011b-vzd\u011bl\u00e1vac\u00ed instituce. Student p\u0159\u00edmo pracuje s ml\u00e1de\u017e\u00ed ve v\u011bku 2. stupn\u011b Z\u0160. Student nap\u0159. celoro\u010dn\u011b vede z\u00e1jmov\u00fd krou\u017eek na \u0161kole nebo d\u011btsk\u00fd odd\u00edl apod. C\u00edlem je z\u00edskat zku\u0161enosti s prac\u00ed s d\u011btmi, s veden\u00edm d\u011btsk\u00e9 skupiny a pl\u00e1nov\u00e1n\u00edm jej\u00ed \u010dinnosti.<\/li>\n<li><strong>Z\u00e1pis<\/strong>: student si s\u00e1m vybere skupinu d\u011bt\u00ed (\u0161koln\u00ed nebo z\u00e1jmov\u00fd krou\u017eek) pod n\u011bjakou \u0161koln\u00ed \u010di v\u00fdchovn\u011b-vzd\u011bl\u00e1vac\u00ed instituc\u00ed (\u0161kola, D\u016fm d\u011bt\u00ed a ml\u00e1de\u017ee, technick\u00e9 centrum), je vy\u017eadov\u00e1n p\u0159edchoz\u00ed souhlas z\u00e1stupce t\u00e9to instituce, \u017ee se tak se studentem dohodli (viz formul\u00e1\u0159 n\u00ed\u017ee). Sv\u016fj v\u00fdb\u011br student konzultuje s metodikem prax\u00ed na KIN<strong>, metodik katedry pot\u00e9 n\u00e1vrh praxe schvaluje<\/strong>.<\/li>\n<li><strong>Pr\u016fb\u011bh<\/strong>: student b\u011bhem roku pravideln\u011b vede z\u00e1jmov\u00fd krou\u017eek nebo odd\u00edl, p\u0159\u00edmo pracuje s d\u011btmi v\u011bku od 11 do 15 let. Je mo\u017en\u00e9 tento krou\u017eek \u010di skupinu v\u00e9st ve dvojici. M\u016f\u017ee j\u00edt i o pr\u00e1ci na n\u011bjak\u00e9m jednor\u00e1zov\u00e9m projektu, pokud budou spln\u011bny ostatn\u00ed podm\u00ednky a bude dostate\u010dn\u011b obsa\u017en\u00fd (nap\u0159. d\u011btsk\u00fd t\u00e1bor &#8211; posoud\u00ed garant p\u0159edm\u011btu). <strong>Nelze uplatnit v\u00fduku v \u0159\u00e1dn\u00e9m \u0161koln\u00edm p\u0159edm\u011btu<\/strong>, zastupov\u00e1n\u00ed u\u010ditele, suplov\u00e1n\u00ed apod., k tomu slou\u017e\u00ed praxe asistentsk\u00e9.<br \/>\nStudent o sv\u00e9 praxi vede den\u00edk, kter\u00fd spolu s potvrzen\u00edm od zodpov\u011bdn\u00e9 osoby dan\u00e9 organizace a dal\u0161\u00edmi dokumentuj\u00edc\u00edmi materi\u00e1ly (nap\u0159. fotografiemi, uk\u00e1zkami z webu dan\u00e9 organizace, uk\u00e1zkami prac\u00ed sv\u011b\u0159enc\u016f) p\u0159edlo\u017e\u00ed po skon\u010den\u00ed praxe.<\/li>\n<li><strong>Poji\u0161t\u011bn\u00ed praxe<\/strong> &#8211; na tuto praxi je nutn\u00e9 m\u00edt uzav\u0159en\u00e9 poji\u0161t\u011bn\u00ed odpov\u011bdnosti za \u00fajmu, v\u00edce informac\u00ed na: <a href=\"https:\/\/intranet.pf.jcu.cz\/praxe\/pojisteni\/\">https:\/\/www.pf.jcu.cz\/education\/department\/praxe\/pojisteni.php<\/a>.<\/li>\n<li><strong>Po\u017eadavky na ud\u011blen\u00ed z\u00e1po\u010dtu<\/strong>:\n<ul>\n<li>p\u00edsemn\u00e9 potvrzen\u00ed s podpisem zodpov\u011bdn\u00e9 osoby, \u017ee student praxi absolvoval<\/li>\n<li>p\u0159edlo\u017een\u00ed den\u00edku praxe &#8211; dokumentu obsahuj\u00edc\u00edho datum, dobu n\u00e1v\u0161t\u011bv a materi\u00e1ly, dokumentuj\u00edc\u00ed obsah \u010dinnosti (viz v\u00fd\u0161e)<\/li>\n<li><a href=\"https:\/\/katedry.pf.jcu.cz\/kin\/wp-content\/uploads\/2025\/06\/terpraxe2025.doc\">Formul\u00e1\u0159 pro potvrzen\u00ed ter\u00e9nn\u00ed praxe<\/a>\u00a0(v Chrome stahujte p\u0159es pravou my\u0161 a Ulo\u017eit odkaz)<\/li>\n<\/ul>\n<\/li>\n<\/ul>\n<p>&nbsp;<\/p>\n<h2>6. Pr\u016fb\u011b\u017en\u00e1 praxe ICT asistenta (praxe pro jednooborov\u00e9 bakal\u00e1\u0159sk\u00e9 studium ITA &#8211;\u00a0 KIN\/7PAP)<\/h2>\n<ul>\n<li><strong> Charakteristika:<\/strong> Obsahem p\u0159edm\u011btu je odborn\u00e1 pr\u00e1ce v IT. Studenti budou prov\u00e1d\u011bt odbornou praxi v d\u00e9lce <strong>10 hodin<\/strong> za semestr s\u00a0c\u00edlem sezn\u00e1mit se se z\u00e1kladn\u00ed problematikou aplikace informa\u010dn\u00edch technologi\u00ed ve \u0161kol\u00e1ch a dal\u0161\u00edch vzd\u011bl\u00e1vac\u00edch instituc\u00edch. Praxe je organizov\u00e1na metodikem katedry informatiky a prob\u00edh\u00e1 spole\u010dn\u011b na vybran\u00fdch \u0161kol\u00e1ch v \u010cesk\u00fdch Bud\u011bjovic\u00edch. <strong>Nejedn\u00e1 se o praxi pedagogickou, ale odbornou<\/strong> v oboru ICT.<\/li>\n<li><strong>Studenti kombinovan\u00e9ho studia<\/strong> absolvuj\u00ed praxi individu\u00e1ln\u011b v d\u00e9lce <strong>10 hodin<\/strong> na jimi zvolen\u00e9m pracovi\u0161ti (\u0161kola, vzd\u011bl\u00e1vac\u00ed instituce, libovoln\u00e1 firma), absolvov\u00e1n\u00ed dolo\u017e\u00ed shodn\u00fdm <a href=\"http:\/\/katedry.pf.jcu.cz\/kin\/wp-content\/uploads\/2018\/02\/itepraxe.doc\">potvrzen\u00edm<\/a> jako pro praxi souvislou (viz n\u00ed\u017ee).<\/li>\n<li><strong>C\u00edle praxe: <\/strong> Sezn\u00e1mit se se \u0161kolsk\u00fdm prost\u0159ed\u00edm z\u00a0pohledu IT, kam bychom mohli za\u0159adit elektronick\u00e9 zpracov\u00e1n\u00ed pedagogick\u00e9 dokumentace, komunikaci \u0161koly s\u00a0org\u00e1ny st\u00e1tn\u00ed spr\u00e1vy a rodi\u010dovskou ve\u0159ejnost\u00ed, vyu\u017eit\u00ed technologi\u00ed ve v\u00fduce, technick\u00e9 zabezpe\u010den\u00ed technologi\u00ed, mo\u017enosti p\u0159izp\u016fsoben\u00ed vzd\u011bl\u00e1vac\u00ed technologie u\u010ditelem. Osvojit si z\u00e1klady odborn\u00fdch dovednost\u00ed v\u00a0roli asistenta u\u010ditele nebo ICT specialisty, pomoc p\u0159i p\u0159\u00edprav\u011b pom\u016fcek, organizaci a spr\u00e1v\u011b \u0161koln\u00edho webu, po\u010d\u00edta\u010dov\u00fdch u\u010deben, spr\u00e1vy s\u00edt\u011b \u0161koly apod.<\/li>\n<li><strong> Z\u00e1pis:<\/strong> Praxi student vykon\u00e1v\u00e1 ve 2. ro\u010dn\u00edku studia.<\/li>\n<li><strong>Poji\u0161t\u011bn\u00ed praxe<\/strong> &#8211; na tuto praxi je nutn\u00e9 m\u00edt uzav\u0159en\u00e9 poji\u0161t\u011bn\u00ed odpov\u011bdnosti za \u00fajmu, v\u00edce informac\u00ed na <a href=\"https:\/\/intranet.pf.jcu.cz\/praxe\/pojisteni\/\">https:\/\/www.pf.jcu.cz\/education\/department\/praxe\/pojisteni.php<\/a>.<\/li>\n<li><a href=\"http:\/\/katedry.pf.jcu.cz\/kin\/studentske-praxe\/prubezne-praxe-terminy\/\">Term\u00edny asistentsk\u00e9 praxe a rozd\u011blen\u00ed do skupin<\/a><\/li>\n<\/ul>\n<p>&nbsp;<\/p>\n<h2>7. Praktikum ICT asistenta (souvisl\u00e1 praxe pro jednooborov\u00e9 bak. studium ITA &#8211;\u00a0 KIN\/7PIA)<\/h2>\n<ul>\n<li><strong> Charakteristika:<\/strong> Obsahem p\u0159edm\u011btu je odborn\u00e1 pr\u00e1ce v ICT. Studenti budou prov\u00e1d\u011bt <strong>2 t\u00fddny<\/strong> (cca 40 hodin) praxi na vybran\u00fdch \u0161kol\u00e1ch, jin\u00fdch vzd\u011bl\u00e1vac\u00edch instituc\u00edch, firm\u00e1ch a dal\u0161\u00edch organizac\u00edch s\u00a0c\u00edlem sezn\u00e1mit se se z\u00e1kladn\u00ed problematikou aplikace informa\u010dn\u00edch technologi\u00ed v praxi. Praxi si student zajist\u00ed s\u00e1m nebo m\u016f\u017ee vyu\u017e\u00edt nab\u00eddku metodika praxe. <strong>Nejedn\u00e1 se o praxi pedagogickou, ale odbornou <\/strong>v oboru ICT. Absolvov\u00e1n\u00ed praxe student dolo\u017e\u00ed potvrzen\u00edm (viz formul\u00e1\u0159 n\u00ed\u017ee).<\/li>\n<li><strong> C\u00edle praxe: <\/strong> Obsahem p\u0159edm\u011btu je odborn\u00e1 pr\u00e1ce v oblasti ICT ve vybran\u00e9 \u0161kole, vzd\u011bl\u00e1vac\u00ed instituci \u010di odborn\u00e9 firm\u011b s\u00a0c\u00edlem sezn\u00e1mit se s\u00a0chodem \u0161koly (instituce, firmy) v\u00a0oblasti ICT, s problematikou vyu\u017e\u00edv\u00e1n\u00ed informa\u010dn\u00edch technologi\u00ed v\u00a0\u017eivot\u011b \u0161koly (instituce, firmy)\u00a0a komunikac\u00ed s\u00a0\u00fa\u0159ady a ve\u0159ejnost\u00ed. Student m\u00e1 p\u0159i\u0159azen\u00e9ho vedouc\u00edho pracovn\u00edka, kter\u00fd jej uvede do odborn\u00e9 problematiky, student d\u00e1le spolupracuje s\u00a0ICT koordin\u00e1torem \u0161koly, webmasterem \u010di spr\u00e1vcem informa\u010dn\u00ed s\u00edt\u011b firmy.<\/li>\n<li><strong> Z\u00e1pis:<\/strong> Praxi student vykon\u00e1v\u00e1 ve 3. ro\u010dn\u00edku studia.<\/li>\n<li><strong>Poji\u0161t\u011bn\u00ed praxe<\/strong> &#8211; na tuto praxi je nutn\u00e9 m\u00edt uzav\u0159en\u00e9 poji\u0161t\u011bn\u00ed odpov\u011bdnosti za \u00fajmu, v\u00edce informac\u00ed na <a href=\"https:\/\/intranet.pf.jcu.cz\/praxe\/pojisteni\/\">https:\/\/www.pf.jcu.cz\/education\/department\/praxe\/pojisteni.php<\/a>.<\/li>\n<li><strong>Po\u017eadavky na ud\u011blen\u00ed z\u00e1po\u010dtu<\/strong>\n<ul>\n<li>p\u00edsemn\u00e9 potvrzen\u00ed podepsan\u00e9 vedouc\u00edm pracovn\u00edkem a opat\u0159en\u00e9 raz\u00edtkem \u0161koly (firmy), \u017ee student praxi absolvoval<\/li>\n<li>p\u0159edlo\u017een\u00ed den\u00edku praxe (obsahuj\u00edc\u00edho v\u00fdpis n\u00e1v\u0161t\u011bv: datum a dobu n\u00e1v\u0161t\u011bv a obsah \u010dinnosti)<\/li>\n<li>z\u00e1po\u010det ud\u011bluje metodik praxe <a href=\"http:\/\/katedry.pf.jcu.cz\/kin\/clen\/paeddr-petr-pexa-ph-d\/\"> PaedDr. Petr Pexa, Ph.D.<\/a> (mo\u017en\u00e9 tak\u00e9 praxi p\u0159edem konzultovat)<\/li>\n<li><a href=\"http:\/\/katedry.pf.jcu.cz\/kin\/wp-content\/uploads\/2018\/02\/itepraxe.doc\"> Formul\u00e1\u0159 pro potvrzen\u00ed souvisl\u00e9 praxe<\/a> (v Chrome stahujte p\u0159es pravou my\u0161 a Ulo\u017eit odkaz)<\/li>\n<\/ul>\n<\/li>\n<\/ul>\n","protected":false},"excerpt":{"rendered":"<p>Garant prax\u00ed &#8211; PaedDr. Petr Pexa, Ph.D. Pr\u016fb\u011b\u017en\u011b sledujte aktu\u00e1ln\u00ed informace k term\u00edn\u016fm prax\u00ed na str\u00e1nce pr\u016fb\u011b\u017en\u00fdch prax\u00ed a @KIN_PF_JU!&#8230;<\/p>\n","protected":false},"author":10,"featured_media":0,"parent":0,"menu_order":0,"comment_status":"closed","ping_status":"closed","template":"","meta":{"footnotes":""},"class_list":["post-329","page","type-page","status-publish","hentry"],"_links":{"self":[{"href":"https:\/\/katedry.pf.jcu.cz\/kin\/wp-json\/wp\/v2\/pages\/329","targetHints":{"allow":["GET"]}}],"collection":[{"href":"https:\/\/katedry.pf.jcu.cz\/kin\/wp-json\/wp\/v2\/pages"}],"about":[{"href":"https:\/\/katedry.pf.jcu.cz\/kin\/wp-json\/wp\/v2\/types\/page"}],"author":[{"embeddable":true,"href":"https:\/\/katedry.pf.jcu.cz\/kin\/wp-json\/wp\/v2\/users\/10"}],"replies":[{"embeddable":true,"href":"https:\/\/katedry.pf.jcu.cz\/kin\/wp-json\/wp\/v2\/comments?post=329"}],"version-history":[{"count":0,"href":"https:\/\/katedry.pf.jcu.cz\/kin\/wp-json\/wp\/v2\/pages\/329\/revisions"}],"wp:attachment":[{"href":"https:\/\/katedry.pf.jcu.cz\/kin\/wp-json\/wp\/v2\/media?parent=329"}],"curies":[{"name":"wp","href":"https:\/\/api.w.org\/{rel}","templated":true}]}}