{"id":1025,"date":"2024-01-13T20:12:32","date_gmt":"2024-01-13T19:12:32","guid":{"rendered":"https:\/\/katedry.pf.jcu.cz\/kin\/?page_id=1025"},"modified":"2025-04-16T08:31:26","modified_gmt":"2025-04-16T07:31:26","slug":"umela-inteligence-nejen-v-pedagogicke-praxi","status":"publish","type":"page","link":"https:\/\/katedry.pf.jcu.cz\/kin\/pro-studenty\/umela-inteligence-nejen-v-pedagogicke-praxi\/","title":{"rendered":"Um\u011bl\u00e1 inteligence nejen v pedagogick\u00e9 praxi"},"content":{"rendered":"<h3><strong>\u0160kolstv\u00ed<\/strong><\/h3>\n<div>\n<ul>\n<li><strong>Tip &#8211; nejprve si pus\u0165te n\u00e1sleduj\u00edc\u00ed video, pak se ji\u017e budete l\u00e9pe orientovat v n\u00ed\u017ee uveden\u00fdch AI aplikac\u00edch<\/strong>.<\/li>\n<li>Videoz\u00e1znam workshopu <a href=\"https:\/\/youtu.be\/RvqeHX2n5zQ\">AI nejen v pedagogick\u00e9 praxi<\/a>\u00a0(13. 12. 2023, lektor Mgr. Radovan Mike\u0161).<\/li>\n<li><a class=\"barva\" href=\"http:\/\/www.petrpexa.cz\/ai\/ai-64-tipu.pdf\" target=\"_blank\" rel=\"noopener\"><strong>64 tip\u016f jak vyu\u017e\u00edt AI ve \u0161kolstv\u00ed<\/strong><\/a> (nov\u00e9 a dobr\u00e9, mnoho p\u0159\u00edklad\u016f prompt\u016f nejen do v\u00fduky).<\/li>\n<li><a href=\"https:\/\/aidetem.cz\/\">AI d\u011btem<\/a>\u00a0&#8211; AI nejen ve vzd\u011bl\u00e1v\u00e1n\u00ed\n<ul>\n<li><a href=\"https:\/\/aidetem.cz\/metodiky\/\"><strong>Metodiky na aidetem.cz<\/strong><\/a>\u00a0&#8211; AI ve v\u0161eobecn\u011b vzd\u011bl\u00e1vac\u00edch p\u0159edm\u011btech<\/li>\n<\/ul>\n<\/li>\n<li><a class=\"barva\" href=\"http:\/\/sciobot.cz\" rel=\"noopener\"><strong>Sciobot &#8211; Generov\u00e1n\u00ed p\u0159\u00edprav do v\u00fduky<\/strong><\/a> (nov\u00e9 a velmi dobr\u00e9!).\n<ul>\n<li><a class=\"barva\" href=\"http:\/\/ucimsai.cz\/\" rel=\"noopener\">U\u010d\u00edm s AI<\/a><\/li>\n<\/ul>\n<\/li>\n<li>N\u00e1rodn\u00ed pedagogick\u00fd institut (NPI) &#8211; <a href=\"https:\/\/www.npi.cz\/aktuality\/74837-doporuceni-jak-pracovat-s-umelou-inteligenci?highlight=WyJhaSJd\">Doporu\u010den\u00ed, jak pracovat s AI pro u\u010ditele, \u0159editele, rodi\u010de a \u017e\u00e1ky<\/a><\/li>\n<li><a href=\"https:\/\/gptveskole.cz\/\">GPT ve \u0161kole<\/a>\u00a0&#8211; pr\u016fvodce ChatGPT pro u\u010ditele<\/li>\n<li>Pro d\u011bti &#8211; <a class=\"barva\" href=\"https:\/\/expedice.roboti.gg\/\" target=\"_blank\" rel=\"noopener\">interaktivn\u00ed p\u0159\u00edb\u011bh pro pochopen\u00ed z\u00e1klad\u016f um\u011bl\u00e9 inteligence<\/a><\/li>\n<\/ul>\n<h3>Chatboti<\/h3>\n<ul>\n<li><a href=\"https:\/\/copilot.microsoft.com\/\">Copilot (Microsoft chatbot)<\/a>\u00a0&#8211; jako jeden z m\u00e1la zat\u00edm zdarma a v z\u00e1kladu pou\u017eiteln\u00fd i bez registrace, po p\u0159ihl\u00e1\u0161en\u00ed t\u0159eba p\u0159es JU Office365 funk\u010dn\u00ed integrovan\u00e1 apka Dall-E pro generov\u00e1n\u00ed obr\u00e1zk\u016f.<\/li>\n<li><a href=\"https:\/\/chat.openai.com\/auth\/login\">ChatGPT od OpenAI<\/a>\u00a0&#8211; nutn\u00e1 alespo\u0148 registrace pro pr\u00e1ci s GPT-3.5, v placen\u00e9 verzi (20 $\/m\u011bs\u00edc) je vyu\u017eita pokro\u010dilej\u0161\u00ed verze GPT-4. Mo\u017en\u00e9 p\u0159ihl\u00e1\u0161en\u00ed i p\u0159es Google \u00fa\u010det, tak\u00e9 jako mobiln\u00ed aplikace.<\/li>\n<li><a href=\"https:\/\/deepai.org\/chat\">Chatbot DeepAI<\/a>, <a href=\"https:\/\/bard.google.com\/?hl=cs\">Chatbot Gemini\/Bard od Googlu<\/a>, <a href=\"https:\/\/claude.ai\/login?returnTo=%2F\">Chatbot Claude<\/a><\/li>\n<\/ul>\n<h3>Grafika<\/h3>\n<ul>\n<li><a class=\"barva\" href=\"https:\/\/zonerai.com\" rel=\"noopener\"><strong>Generov\u00e1n\u00ed 4K obr\u00e1zk\u016f v Zoner AI<\/strong><\/a> (zat\u00edm bezplatn\u00e9, bez registrace, bez omezen\u00ed).<\/li>\n<li><a href=\"https:\/\/openai.com\/dall-e-2\">Generov\u00e1n\u00ed obr\u00e1zk\u016f s Dall-E od OpenAI<\/a><\/li>\n<li><a href=\"https:\/\/copilot.microsoft.com\/images\/create\">Generov\u00e1n\u00ed obr\u00e1zk\u016f s Copilotem<\/a> (st\u00e1le bezplatn\u00e9, ale nutn\u00e9 p\u0159ihl\u00e1\u0161en\u00ed k Office365)<\/li>\n<li><a class=\"barva\" href=\"https:\/\/www.remove.bg\/\" target=\"_blank\" rel=\"noopener\">Odebr\u00e1n\u00ed pozad\u00ed fotky s AI<\/a><\/li>\n<li><a class=\"barva\" href=\"https:\/\/cleanup.pictures\/\" target=\"_blank\" rel=\"noopener\">Odstran\u011bn\u00ed objekt\u016f z fotky s AI<\/a><\/li>\n<li><a href=\"https:\/\/wakelet.com\/wake\/1IZnL7EyOK-Z2cchr2cOZ\">Grafika a animace s AI ve \u0161koln\u00ed informatice<\/a><\/li>\n<li><a href=\"https:\/\/www.midjourney.com\/home?callbackUrl=%2Fexplore\">MidJourney<\/a>, <a href=\"https:\/\/stability.ai\/\">StableDifusion<\/a>, <a href=\"https:\/\/www.vaibe.ai\/\">Vaibe<\/a><\/li>\n<\/ul>\n<h3>Video a zvuk<\/h3>\n<ul>\n<li><a href=\"https:\/\/www.rask.ai\/\">Hr\u00e1tky se zvukem a videem<\/a> na Rask.ai &#8211; nap\u0159. automatick\u00fd dabing p\u016fvodn\u00edho hlasu do cca 60 jazyk\u016f v\u010detn\u011b \u00fapravy mimiky obli\u010deje (z t\u00e9to mo\u017enosti tvorby deepfakes jde a\u017e hr\u016fza).<\/li>\n<li><a href=\"https:\/\/openai.com\/sora\">Sora od OpenAI<\/a> &#8211; v<span class=\"HwtZe\" lang=\"cs\"><span class=\"jCAhz ChMk0b\"><span class=\"ryNqvb\">ytv\u00e1\u0159en\u00ed videa z textu <\/span><\/span><\/span><\/li>\n<li><a class=\"barva\" href=\"https:\/\/pika.art\/home\" target=\"_blank\" rel=\"noopener\">Pika.art<\/a> &#8211; generov\u00e1n\u00ed videa z textov\u00fdch prompt\u016f, zdarma 30 kredit\u016f v pr\u016fb\u011bhu 30 dn\u00ed (10 kredit\u016f odpov\u00edd\u00e1 3sekundov\u00e9mu videu), placen\u00e1 verze za 8 USD\/m\u011bs\u00edc.<\/li>\n<li><a href=\"https:\/\/suno.com\/\">Suno.com<\/a> &#8211; generov\u00e1n\u00ed hudby s AI (v\u010detn\u011b vok\u00e1lu z vlo\u017een\u00e9ho textu)<\/li>\n<li><a class=\"barva\" href=\"https:\/\/easymusic.ai\/\" target=\"_blank\" rel=\"noopener\">EasyMusic.ai<\/a>\u00a0(dal\u0161\u00ed hudebn\u00ed gener\u00e1tor s AI)<\/li>\n<li>Diktov\u00e1n\u00ed s copilotem v Office365 &#8211; u\u017eite\u010dn\u00fd pomocn\u00edk na automatick\u00fd p\u0159epis hlasu na text ve Wordu pod <a href=\"https:\/\/office365.jcu.cz\">office365.jcu.cz<\/a> (karta Dom\u016f\/Diktovat, v klasick\u00e9m lok\u00e1ln\u011b nainstalovan\u00e9m Wordu to ale nehledejte). Generuje texty, prezentace v PowerPointu, tabulky v Excelu, analyzuje maily v Outlooku, PDFka atd.<\/li>\n<li><a href=\"https:\/\/audiopen.ai\/\">Audiopen<\/a> (p\u0159ev\u00e1d\u00ed hlas na text)<\/li>\n<\/ul>\n<h3>Ostatn\u00ed<\/h3>\n<ul>\n<li>Grafika a video s AI: <a href=\"https:\/\/www.canva.com\/cs_cz\/help\/using-magic-media\/\">CanvaMagic Media<\/a>, <a href=\"https:\/\/clipchamp.com\/en\/\">Clipchamp<\/a> (nap\u0159. AI funkce Text to speech &#8211; generov\u00e1n\u00ed hlasov\u00e9ho koment\u00e1\u0159e do videa z napsan\u00e9ho textu)<\/li>\n<li><a href=\"https:\/\/deeply.cz\/\">Deeply.cz<\/a> (chat, texty, grafika, p\u0159eklada\u010d aj. funkce)<\/li>\n<li><a href=\"https:\/\/ejaj.cz\/\">Datab\u00e1ze AI aplikac\u00ed v \u010cJ<\/a><\/li>\n<li><a href=\"https:\/\/prf.jcu.cz\/cz\/?id=2116\">Videoz\u00e1znam online workshopu<\/a>\u00a0o aktu\u00e1ln\u00edch AI aplikac\u00edch od Microsoftu<\/li>\n<li><a href=\"https:\/\/www.ceskatelevize.cz\/porady\/11054978064-fokus-vaclava-moravce\/223411030530010\/\">Videoz\u00e1znam Focusu V\u00e1clava Moravce<\/a> o AI z 12. 12. 2023<\/li>\n<li>Materi\u00e1ly rektor\u00e1tu JU\n<ul>\n<li>Metodick\u00fd dokument k problematice <a href=\"https:\/\/www.jcu.cz\/images\/student\/ai_zaverecne_prace.pdf\">vyu\u017e\u00edv\u00e1n\u00ed AI v\u00a0z\u00e1v\u011bre\u010dn\u00fdch prac\u00edch<\/a><\/li>\n<\/ul>\n<ul>\n<li><a href=\"https:\/\/servicedesk.jcu.cz\/Alvao\/Ticket\/NewFromCatalog?SectionID=1534\">Posouzen\u00ed z\u00e1v\u011bre\u010dn\u00fdch prac\u00ed<\/a> na v\u00fdskyt textu generovan\u00e9ho AI<\/li>\n<\/ul>\n<ul>\n<li>Kurz p\u0159edstavuj\u00edc\u00ed z\u00e1kladn\u00ed informace o AI v\u010detn\u011b postup\u016f pro <a href=\"https:\/\/eur02.safelinks.protection.outlook.com\/?url=https%3A%2F%2Felearning.jcu.cz%2Fcourse%2Fview.php%3Fid%3D14708&amp;data=05%7C01%7Cpexa%40pf.jcu.cz%7Cad301d2ed1dd48a7233d08dbd39c1710%7Cc35f5da49a0344e68bf992833634f6a7%7C0%7C0%7C638336440276265481%7CUnknown%7CTWFpbGZsb3d8eyJWIjoiMC4wLjAwMDAiLCJQIjoiV2luMzIiLCJBTiI6Ik1haWwiLCJXVCI6Mn0%3D%7C3000%7C%7C%7C&amp;sdata=KNFt1MFC1MYGqkIQ41x7rTACaULopyRPCwZFWr9tXvc%3D&amp;reserved=0\">vyu\u017eit\u00ed ve v\u011bd\u011b a vzd\u011bl\u00e1v\u00e1n\u00ed<\/a><\/li>\n<\/ul>\n<\/li>\n<\/ul>\n<ul>\n<li>Student\u016fm IT doporu\u010dujeme vyzkou\u0161et t\u0159eba v <a href=\"https:\/\/www.bing.com\/search?q=Bing+AI&amp;showconv=1&amp;FORM=hpcodx\">Copilotu Bingu<\/a> generov\u00e1n\u00ed k\u00f3du v LaTeX, HTML, CSS apod. Funguje to v\u00fdborn\u011b.<\/li>\n<li><a href=\"http:\/\/www.petrpexa.cz\/ai\/ai1.docx\">Uk\u00e1zkov\u00e1 p\u0159\u00edprava na hodinu s AI<\/a> (autor Mgr. V\u00e1clav \u0160imandl, Ph.D.)<\/li>\n<li><a href=\"http:\/\/www.petrpexa.cz\/ai\/ai2.docx\">Druh\u00e1 uk\u00e1zkov\u00e1 p\u0159\u00edprava na hodinu s AI<\/a> (autor Mgr. V\u00e1clav \u0160imandl, Ph.D.)<\/li>\n<\/ul>\n<p>&nbsp;<\/p>\n<p style=\"padding-left: 30px;\"><img loading=\"lazy\" decoding=\"async\" class=\"alignnone wp-image-1022 size-full\" src=\"https:\/\/katedry.pf.jcu.cz\/kin\/wp-content\/uploads\/2023\/12\/article_umela-inteligence.jpg\" alt=\"\" width=\"650\" height=\"434\" data-id=\"1022\" \/><\/p>\n<\/div>\n","protected":false},"excerpt":{"rendered":"<p>\u0160kolstv\u00ed Tip &#8211; nejprve si pus\u0165te n\u00e1sleduj\u00edc\u00ed video, pak se ji\u017e budete l\u00e9pe orientovat v n\u00ed\u017ee uveden\u00fdch AI aplikac\u00edch. Videoz\u00e1znam&#8230;<\/p>\n","protected":false},"author":10,"featured_media":0,"parent":337,"menu_order":0,"comment_status":"closed","ping_status":"closed","template":"","meta":{"footnotes":""},"class_list":["post-1025","page","type-page","status-publish","hentry"],"_links":{"self":[{"href":"https:\/\/katedry.pf.jcu.cz\/kin\/wp-json\/wp\/v2\/pages\/1025","targetHints":{"allow":["GET"]}}],"collection":[{"href":"https:\/\/katedry.pf.jcu.cz\/kin\/wp-json\/wp\/v2\/pages"}],"about":[{"href":"https:\/\/katedry.pf.jcu.cz\/kin\/wp-json\/wp\/v2\/types\/page"}],"author":[{"embeddable":true,"href":"https:\/\/katedry.pf.jcu.cz\/kin\/wp-json\/wp\/v2\/users\/10"}],"replies":[{"embeddable":true,"href":"https:\/\/katedry.pf.jcu.cz\/kin\/wp-json\/wp\/v2\/comments?post=1025"}],"version-history":[{"count":0,"href":"https:\/\/katedry.pf.jcu.cz\/kin\/wp-json\/wp\/v2\/pages\/1025\/revisions"}],"up":[{"embeddable":true,"href":"https:\/\/katedry.pf.jcu.cz\/kin\/wp-json\/wp\/v2\/pages\/337"}],"wp:attachment":[{"href":"https:\/\/katedry.pf.jcu.cz\/kin\/wp-json\/wp\/v2\/media?parent=1025"}],"curies":[{"name":"wp","href":"https:\/\/api.w.org\/{rel}","templated":true}]}}